Last updated on 2025-05-10 14:52:19 CEST.
Flavor | Version | Tinstall | Tcheck | Ttotal | Status | Flags |
---|---|---|---|---|---|---|
r-devel-linux-x86_64-debian-clang | 0.1-7 | 7.48 | 56.80 | 64.28 | NOTE | |
r-devel-linux-x86_64-debian-gcc | 0.1-7 | 5.43 | 42.04 | 47.47 | NOTE | |
r-devel-linux-x86_64-fedora-clang | 0.1-7 | 96.34 | OK | |||
r-devel-linux-x86_64-fedora-gcc | 0.1-7 | 93.04 | OK | |||
r-devel-windows-x86_64 | 0.1-7 | 8.00 | 77.00 | 85.00 | NOTE | |
r-patched-linux-x86_64 | 0.1-7 | 6.92 | 54.06 | 60.98 | NOTE | |
r-release-linux-x86_64 | 0.1-7 | 6.27 | 54.00 | 60.27 | NOTE | |
r-release-macos-arm64 | 0.1-7 | 36.00 | OK | |||
r-release-macos-x86_64 | 0.1-7 | 85.00 | OK | |||
r-release-windows-x86_64 | 0.1-7 | 8.00 | 78.00 | 86.00 | NOTE | |
r-oldrel-macos-arm64 | 0.1-7 | 31.00 | OK | |||
r-oldrel-macos-x86_64 | 0.1-7 | 46.00 | OK | |||
r-oldrel-windows-x86_64 | 0.1-7 | 10.00 | 84.00 | 94.00 | OK |
Version: 0.1-7
Check: CRAN incoming feasibility
Result: NOTE
Maintainer: ‘Cai Li <cai.li.stats@gmail.com>’
No Authors@R field in DESCRIPTION.
Please add one, modifying
Authors@R: c(person(given = "Luo",
family = "Xiao",
role = "aut"),
person(given = "Cai",
family = "Li",
role = c("aut", "cre"),
email = "cai.li.stats@gmail.com"),
person(given = "William",
family = "Checkley",
role = "aut"),
person(given = "Ciprian",
family = "Crainiceanu",
role = "aut"))
as necessary.
Flavors: r-devel-linux-x86_64-debian-clang, r-devel-linux-x86_64-debian-gcc
Version: 0.1-7
Check: Rd cross-references
Result: NOTE
Found the following Rd file(s) with Rd \link{} targets missing package
anchors:
pspline.Rd: gam, mgcv
Please provide package anchors for all Rd \link{} targets not in the
package itself and the base packages.
Flavors: r-devel-linux-x86_64-debian-clang, r-devel-linux-x86_64-debian-gcc, r-devel-windows-x86_64, r-patched-linux-x86_64, r-release-linux-x86_64, r-release-windows-x86_64