Last updated on 2024-05-21 14:57:10 CEST.
Flavor | Version | Tinstall | Tcheck | Ttotal | Status | Flags |
---|---|---|---|---|---|---|
r-devel-linux-x86_64-debian-clang | 1.0.7 | 9.34 | 120.18 | 129.52 | NOTE | |
r-devel-linux-x86_64-debian-gcc | 1.0.7 | 8.20 | 88.05 | 96.25 | NOTE | |
r-devel-linux-x86_64-fedora-clang | 1.0.7 | 162.99 | NOTE | |||
r-devel-linux-x86_64-fedora-gcc | 1.0.7 | 152.93 | NOTE | |||
r-devel-windows-x86_64 | 1.0.7 | 12.00 | 107.00 | 119.00 | NOTE | |
r-patched-linux-x86_64 | 1.0.7 | 10.18 | 116.25 | 126.43 | NOTE | |
r-release-linux-x86_64 | 1.0.7 | 9.10 | 113.04 | 122.14 | NOTE | |
r-release-macos-arm64 | 1.0.7 | 44.00 | NOTE | |||
r-release-windows-x86_64 | 1.0.7 | 11.00 | 106.00 | 117.00 | NOTE | |
r-oldrel-macos-arm64 | 1.0.7 | 50.00 | OK | |||
r-oldrel-macos-x86_64 | 1.0.7 | 73.00 | OK | |||
r-oldrel-windows-x86_64 | 1.0.7 | 14.00 | 125.00 | 139.00 | OK |
Version: 1.0.7
Check: Rd files
Result: NOTE
checkRd: (-1) fviz_nbclust.Rd:75: Lost braces; missing escapes or markup?
75 | (2001) proposed: "the smallest k such that gap(k) >= gap(k+1) - s_{k+1}".
| ^
checkRd: (-1) fviz_nbclust.Rd:77: Lost braces; missing escapes or markup?
77 | SE.factor*s_{k+1}" where SE.factor is a numeric value which can be 1
| ^
Flavors: r-devel-linux-x86_64-debian-clang, r-devel-linux-x86_64-debian-gcc, r-devel-linux-x86_64-fedora-clang, r-devel-linux-x86_64-fedora-gcc, r-devel-windows-x86_64, r-patched-linux-x86_64, r-release-linux-x86_64, r-release-macos-arm64, r-release-windows-x86_64