CRAN Package Check Results for Package factory

Last updated on 2025-02-18 02:50:35 CET.

Flavor Version Tinstall Tcheck Ttotal Status Flags
r-devel-linux-x86_64-debian-clang 0.1.0 2.20 28.72 30.92 OK
r-devel-linux-x86_64-debian-gcc 0.1.0 1.71 23.03 24.74 OK
r-devel-linux-x86_64-fedora-clang 0.1.0 53.18 OK
r-devel-linux-x86_64-fedora-gcc 0.1.0 62.81 OK
r-devel-macos-arm64 0.1.0 30.00 OK
r-devel-macos-x86_64 0.1.0 50.00 OK
r-devel-windows-x86_64 0.1.0 3.00 49.00 52.00 OK
r-patched-linux-x86_64 0.1.0 2.41 27.38 29.79 NOTE
r-release-linux-x86_64 0.1.0 2.31 27.51 29.82 NOTE
r-release-macos-arm64 0.1.0 25.00 NOTE
r-release-macos-x86_64 0.1.0 36.00 NOTE
r-release-windows-x86_64 0.1.0 4.00 51.00 55.00 NOTE
r-oldrel-macos-arm64 0.1.0 26.00 NOTE
r-oldrel-macos-x86_64 0.1.0 36.00 NOTE
r-oldrel-windows-x86_64 0.1.0 4.00 49.00 53.00 NOTE

Check Details

Version: 0.1.0
Check: LazyData
Result: NOTE 'LazyData' is specified without a 'data' directory Flavors: r-patched-linux-x86_64, r-release-linux-x86_64, r-release-macos-arm64, r-release-macos-x86_64, r-release-windows-x86_64, r-oldrel-macos-arm64, r-oldrel-macos-x86_64, r-oldrel-windows-x86_64