Last updated on 2024-05-21 02:54:25 CEST.
Flavor | Version | Tinstall | Tcheck | Ttotal | Status | Flags |
---|---|---|---|---|---|---|
r-devel-linux-x86_64-debian-clang | 3.0.1 | 40.24 | 47.21 | 87.45 | NOTE | |
r-devel-linux-x86_64-debian-gcc | 3.0.1 | 31.76 | 34.89 | 66.65 | NOTE | |
r-devel-linux-x86_64-fedora-clang | 3.0.1 | 118.05 | NOTE | |||
r-devel-linux-x86_64-fedora-gcc | 3.0.1 | 108.91 | NOTE | |||
r-devel-windows-x86_64 | 3.0.1 | 33.00 | 63.00 | 96.00 | NOTE | |
r-patched-linux-x86_64 | 3.0.1 | 38.38 | 44.75 | 83.13 | NOTE | |
r-release-linux-x86_64 | 3.0.1 | 41.05 | 44.52 | 85.57 | NOTE | |
r-release-macos-arm64 | 3.0.1 | 29.00 | NOTE | |||
r-release-windows-x86_64 | 3.0.1 | 37.00 | 64.00 | 101.00 | NOTE | |
r-oldrel-macos-arm64 | 3.0.1 | 33.00 | NOTE | |||
r-oldrel-macos-x86_64 | 3.0.1 | 53.00 | NOTE | |||
r-oldrel-windows-x86_64 | 3.0.1 | 44.00 | 71.00 | 115.00 | NOTE |
Version: 3.0.1
Check: LazyData
Result: NOTE
'LazyData' is specified without a 'data' directory
Flavors: r-devel-linux-x86_64-debian-clang, r-devel-linux-x86_64-debian-gcc, r-devel-linux-x86_64-fedora-clang, r-devel-linux-x86_64-fedora-gcc, r-devel-windows-x86_64, r-patched-linux-x86_64, r-release-linux-x86_64, r-release-macos-arm64, r-release-windows-x86_64, r-oldrel-macos-arm64, r-oldrel-macos-x86_64, r-oldrel-windows-x86_64
Version: 3.0.1
Check: dependencies in R code
Result: NOTE
Namespaces in Imports field not imported from:
‘R6’ ‘caTools’ ‘httr’ ‘jsonlite’ ‘rlang’
All declared Imports should be used.
Flavors: r-devel-linux-x86_64-fedora-clang, r-devel-linux-x86_64-fedora-gcc