Last updated on 2025-02-20 14:50:52 CET.
Flavor | Version | Tinstall | Tcheck | Ttotal | Status | Flags |
---|---|---|---|---|---|---|
r-devel-linux-x86_64-debian-clang | 1.0.4 | 43.18 | 63.37 | 106.55 | OK | |
r-devel-linux-x86_64-debian-gcc | 1.0.4 | 32.21 | 44.79 | 77.00 | OK | |
r-devel-linux-x86_64-fedora-clang | 1.0.4 | 203.75 | OK | |||
r-devel-linux-x86_64-fedora-gcc | 1.0.4 | 197.14 | OK | |||
r-devel-macos-arm64 | 1.0.4 | 59.00 | OK | |||
r-devel-macos-x86_64 | 1.0.4 | 99.00 | OK | |||
r-devel-windows-x86_64 | 1.0.4 | 54.00 | 136.00 | 190.00 | OK | |
r-patched-linux-x86_64 | 1.0.4 | 42.04 | 62.38 | 104.42 | OK | |
r-release-linux-x86_64 | 1.0.4 | 41.96 | 60.46 | 102.42 | OK | |
r-release-macos-arm64 | 1.0.4 | 56.00 | NOTE | |||
r-release-macos-x86_64 | 1.0.4 | 84.00 | NOTE | |||
r-release-windows-x86_64 | 1.0.4 | 52.00 | 135.00 | 187.00 | OK | |
r-oldrel-macos-arm64 | 1.0.4 | 79.00 | NOTE | |||
r-oldrel-macos-x86_64 | 1.0.4 | 100.00 | NOTE | |||
r-oldrel-windows-x86_64 | 1.0.4 | 61.00 | 153.00 | 214.00 | OK |
Version: 1.0.4
Check: installed package size
Result: NOTE
installed size is 6.7Mb
sub-directories of 1Mb or more:
doc 1.7Mb
libs 3.9Mb
Flavors: r-release-macos-arm64, r-release-macos-x86_64, r-oldrel-macos-arm64, r-oldrel-macos-x86_64