Last updated on 2025-02-21 02:52:11 CET.
Flavor | Version | Tinstall | Tcheck | Ttotal | Status | Flags |
---|---|---|---|---|---|---|
r-devel-linux-x86_64-debian-clang | 2.1.0 | 72.75 | 30.94 | 103.69 | OK | |
r-devel-linux-x86_64-debian-gcc | 2.1.0 | 52.41 | 24.48 | 76.89 | OK | |
r-devel-linux-x86_64-fedora-clang | 2.1.0 | 212.87 | OK | |||
r-devel-linux-x86_64-fedora-gcc | 2.1.0 | 207.38 | OK | |||
r-devel-macos-arm64 | 2.1.0 | 52.00 | OK | |||
r-devel-macos-x86_64 | 2.1.0 | 78.00 | OK | |||
r-devel-windows-x86_64 | 2.1.0 | 76.00 | 77.00 | 153.00 | OK | |
r-patched-linux-x86_64 | 2.1.0 | 75.22 | 29.48 | 104.70 | OK | |
r-release-linux-x86_64 | 2.1.0 | 75.08 | 29.48 | 104.56 | OK | |
r-release-macos-arm64 | 2.1.0 | 54.00 | NOTE | |||
r-release-macos-x86_64 | 2.1.0 | 80.00 | NOTE | |||
r-release-windows-x86_64 | 2.1.0 | 73.00 | 80.00 | 153.00 | OK | |
r-oldrel-macos-arm64 | 2.1.0 | 81.00 | NOTE | |||
r-oldrel-macos-x86_64 | 2.1.0 | 118.00 | NOTE | |||
r-oldrel-windows-x86_64 | 2.1.0 | 81.00 | 107.00 | 188.00 | OK |
Version: 2.1.0
Check: installed package size
Result: NOTE
installed size is 7.6Mb
sub-directories of 1Mb or more:
doc 1.8Mb
libs 5.7Mb
Flavors: r-release-macos-arm64, r-release-macos-x86_64, r-oldrel-macos-arm64, r-oldrel-macos-x86_64