Last updated on 2025-02-21 02:52:11 CET.
Flavor | Version | Tinstall | Tcheck | Ttotal | Status | Flags |
---|---|---|---|---|---|---|
r-devel-linux-x86_64-debian-clang | 1.1.2 | 35.68 | 25.60 | 61.28 | NOTE | |
r-devel-linux-x86_64-debian-gcc | 1.1.2 | 25.87 | 19.62 | 45.49 | NOTE | |
r-devel-linux-x86_64-fedora-clang | 1.1.2 | 120.74 | NOTE | |||
r-devel-linux-x86_64-fedora-gcc | 1.1.2 | 107.86 | NOTE | |||
r-devel-macos-arm64 | 1.1.2 | 29.00 | NOTE | |||
r-devel-macos-x86_64 | 1.1.2 | 52.00 | NOTE | |||
r-devel-windows-x86_64 | 1.1.2 | 41.00 | 67.00 | 108.00 | NOTE | |
r-patched-linux-x86_64 | 1.1.2 | 35.15 | 24.42 | 59.57 | NOTE | |
r-release-linux-x86_64 | 1.1.2 | 34.22 | 24.17 | 58.39 | NOTE | |
r-release-macos-arm64 | 1.1.2 | 30.00 | NOTE | |||
r-release-macos-x86_64 | 1.1.2 | 40.00 | NOTE | |||
r-release-windows-x86_64 | 1.1.2 | 42.00 | 70.00 | 112.00 | NOTE | |
r-oldrel-macos-arm64 | 1.1.2 | 37.00 | NOTE | |||
r-oldrel-macos-x86_64 | 1.1.2 | 59.00 | NOTE | |||
r-oldrel-windows-x86_64 | 1.1.2 | 49.00 | 76.00 | 125.00 | NOTE |
Version: 1.1.2
Check: C++ specification
Result: NOTE
Specified C++11: please drop specification unless essential
Flavors: r-devel-linux-x86_64-debian-clang, r-devel-linux-x86_64-debian-gcc, r-devel-linux-x86_64-fedora-clang, r-devel-linux-x86_64-fedora-gcc, r-devel-macos-arm64, r-devel-macos-x86_64, r-devel-windows-x86_64, r-patched-linux-x86_64, r-release-linux-x86_64, r-release-macos-arm64, r-release-macos-x86_64, r-release-windows-x86_64, r-oldrel-macos-arm64, r-oldrel-macos-x86_64, r-oldrel-windows-x86_64
Version: 1.1.2
Check: installed package size
Result: NOTE
installed size is 5.6Mb
sub-directories of 1Mb or more:
data 3.1Mb
libs 2.5Mb
Flavors: r-release-macos-arm64, r-release-macos-x86_64, r-oldrel-macos-arm64, r-oldrel-macos-x86_64