Last updated on 2025-02-16 14:50:31 CET.
Flavor | Version | Tinstall | Tcheck | Ttotal | Status | Flags |
---|---|---|---|---|---|---|
r-devel-linux-x86_64-debian-clang | 1.0.0 | 6.10 | 72.44 | 78.54 | OK | |
r-devel-linux-x86_64-debian-gcc | 1.0.0 | 6.50 | 51.62 | 58.12 | OK | |
r-devel-linux-x86_64-fedora-clang | 1.0.0 | 118.41 | NOTE | |||
r-devel-linux-x86_64-fedora-gcc | 1.0.0 | 183.46 | NOTE | |||
r-devel-macos-arm64 | 1.0.0 | 50.00 | OK | |||
r-devel-macos-x86_64 | 1.0.0 | 111.00 | OK | |||
r-devel-windows-x86_64 | 1.0.0 | 12.00 | 96.00 | 108.00 | OK | |
r-patched-linux-x86_64 | 1.0.0 | 9.12 | 77.03 | 86.15 | OK | |
r-release-linux-x86_64 | 1.0.0 | 8.30 | 70.13 | 78.43 | OK | |
r-release-macos-arm64 | 1.0.0 | 67.00 | OK | |||
r-release-macos-x86_64 | 1.0.0 | 83.00 | OK | |||
r-release-windows-x86_64 | 1.0.0 | 12.00 | 95.00 | 107.00 | OK | |
r-oldrel-macos-arm64 | 1.0.0 | 66.00 | OK | |||
r-oldrel-macos-x86_64 | 1.0.0 | 172.00 | OK | |||
r-oldrel-windows-x86_64 | 1.0.0 | 12.00 | 116.00 | 128.00 | OK |
Version: 1.0.0
Check: dependencies in R code
Result: NOTE
Namespaces in Imports field not imported from:
‘MASS’ ‘grDevices’ ‘utils’
All declared Imports should be used.
Flavors: r-devel-linux-x86_64-fedora-clang, r-devel-linux-x86_64-fedora-gcc