Last updated on 2025-02-20 14:50:52 CET.
Flavor | Version | Tinstall | Tcheck | Ttotal | Status | Flags |
---|---|---|---|---|---|---|
r-devel-linux-x86_64-debian-clang | 1.0 | 106.95 | 29.84 | 136.79 | OK | |
r-devel-linux-x86_64-debian-gcc | 1.0 | 71.69 | 23.73 | 95.42 | OK | |
r-devel-linux-x86_64-fedora-clang | 1.0 | 275.01 | OK | |||
r-devel-linux-x86_64-fedora-gcc | 1.0 | 251.25 | OK | |||
r-devel-macos-arm64 | 1.0 | 51.00 | OK | |||
r-devel-macos-x86_64 | 1.0 | 63.00 | OK | |||
r-devel-windows-x86_64 | 1.0 | 102.00 | 81.00 | 183.00 | OK | |
r-patched-linux-x86_64 | 1.0 | 100.31 | 28.47 | 128.78 | OK | |
r-release-linux-x86_64 | 1.0 | 96.52 | 28.36 | 124.88 | OK | |
r-release-macos-arm64 | 1.0 | 56.00 | NOTE | |||
r-release-macos-x86_64 | 1.0 | 59.00 | NOTE | |||
r-release-windows-x86_64 | 1.0 | 105.00 | 76.00 | 181.00 | OK | |
r-oldrel-macos-arm64 | 1.0 | 70.00 | NOTE | |||
r-oldrel-macos-x86_64 | 1.0 | 80.00 | NOTE | |||
r-oldrel-windows-x86_64 | 1.0 | 130.00 | 91.00 | 221.00 | OK |
Version: 1.0
Check: installed package size
Result: NOTE
installed size is 5.7Mb
sub-directories of 1Mb or more:
libs 5.6Mb
Flavors: r-release-macos-arm64, r-release-macos-x86_64, r-oldrel-macos-arm64, r-oldrel-macos-x86_64