Last updated on 2024-05-21 14:57:10 CEST.
Flavor | Version | Tinstall | Tcheck | Ttotal | Status | Flags |
---|---|---|---|---|---|---|
r-devel-linux-x86_64-debian-clang | 1.1-4 | 3.23 | 38.00 | 41.23 | NOTE | |
r-devel-linux-x86_64-debian-gcc | 1.1-4 | 2.63 | 28.98 | 31.61 | NOTE | |
r-devel-linux-x86_64-fedora-clang | 1.1-4 | 50.90 | NOTE | |||
r-devel-linux-x86_64-fedora-gcc | 1.1-4 | 49.66 | NOTE | |||
r-devel-windows-x86_64 | 1.1-4 | 6.00 | 57.00 | 63.00 | NOTE | |
r-patched-linux-x86_64 | 1.1-4 | 3.35 | 35.79 | 39.14 | OK | |
r-release-linux-x86_64 | 1.1-4 | 3.29 | 35.15 | 38.44 | OK | |
r-release-macos-arm64 | 1.1-4 | 22.00 | OK | |||
r-release-windows-x86_64 | 1.1-4 | 7.00 | 58.00 | 65.00 | OK | |
r-oldrel-macos-arm64 | 1.1-4 | 25.00 | OK | |||
r-oldrel-macos-x86_64 | 1.1-4 | 55.00 | OK | |||
r-oldrel-windows-x86_64 | 1.1-4 | 6.00 | 61.00 | 67.00 | OK |
Version: 1.1-4
Check: compiled code
Result: NOTE
File ‘fastmatch/libs/fastmatch.so’:
Found non-API calls to R: ‘SETLENGTH’, ‘SET_NAMED’
Compiled code should not call non-API entry points in R.
See ‘Writing portable packages’ in the ‘Writing R Extensions’ manual.
Flavors: r-devel-linux-x86_64-debian-clang, r-devel-linux-x86_64-debian-gcc, r-devel-linux-x86_64-fedora-clang, r-devel-linux-x86_64-fedora-gcc
Version: 1.1-4
Check: compiled code
Result: NOTE
File 'fastmatch/libs/x64/fastmatch.dll':
Found non-API calls to R: 'SETLENGTH', 'SET_NAMED'
Compiled code should not call non-API entry points in R.
See 'Writing portable packages' in the 'Writing R Extensions' manual.
Flavor: r-devel-windows-x86_64