Last updated on 2024-05-21 02:54:25 CEST.
Flavor | Version | Tinstall | Tcheck | Ttotal | Status | Flags |
---|---|---|---|---|---|---|
r-devel-linux-x86_64-debian-clang | 0.1.1 | 87.49 | 31.46 | 118.95 | NOTE | |
r-devel-linux-x86_64-debian-gcc | 0.1.1 | 60.48 | 23.58 | 84.06 | NOTE | |
r-devel-linux-x86_64-fedora-clang | 0.1.1 | 178.65 | NOTE | |||
r-devel-linux-x86_64-fedora-gcc | 0.1.1 | 173.41 | NOTE | |||
r-devel-windows-x86_64 | 0.1.1 | 36.00 | 70.00 | 106.00 | NOTE | |
r-patched-linux-x86_64 | 0.1.1 | 76.11 | 28.92 | 105.03 | NOTE | |
r-release-linux-x86_64 | 0.1.1 | 78.28 | 29.41 | 107.69 | NOTE | |
r-release-macos-arm64 | 0.1.1 | 34.00 | NOTE | |||
r-release-windows-x86_64 | 0.1.1 | 35.00 | 63.00 | 98.00 | NOTE | |
r-oldrel-macos-arm64 | 0.1.1 | 38.00 | NOTE | |||
r-oldrel-macos-x86_64 | 0.1.1 | 66.00 | NOTE | |||
r-oldrel-windows-x86_64 | 0.1.1 | 43.00 | 69.00 | 112.00 | NOTE |
Version: 0.1.1
Check: LazyData
Result: NOTE
'LazyData' is specified without a 'data' directory
Flavors: r-devel-linux-x86_64-debian-clang, r-devel-linux-x86_64-debian-gcc, r-devel-linux-x86_64-fedora-clang, r-devel-linux-x86_64-fedora-gcc, r-devel-windows-x86_64, r-patched-linux-x86_64, r-release-linux-x86_64, r-release-macos-arm64, r-release-windows-x86_64, r-oldrel-macos-arm64, r-oldrel-macos-x86_64, r-oldrel-windows-x86_64
Version: 0.1.1
Check: C++ specification
Result: NOTE
Specified C++11: please drop specification unless essential
Flavors: r-devel-windows-x86_64, r-release-windows-x86_64, r-oldrel-windows-x86_64