Last updated on 2025-05-13 14:50:22 CEST.
Flavor | Version | Tinstall | Tcheck | Ttotal | Status | Flags |
---|---|---|---|---|---|---|
r-devel-linux-x86_64-debian-clang | 2.2 | 21.18 | 305.65 | 326.83 | NOTE | |
r-devel-linux-x86_64-debian-gcc | 2.2 | 19.82 | 224.20 | 244.02 | NOTE | |
r-devel-linux-x86_64-fedora-clang | 2.2 | 516.35 | OK | |||
r-devel-linux-x86_64-fedora-gcc | 2.2 | 537.50 | OK | |||
r-devel-windows-x86_64 | 2.2 | 25.00 | 264.00 | 289.00 | OK | |
r-patched-linux-x86_64 | 2.2 | 21.66 | 300.11 | 321.77 | OK | |
r-release-linux-x86_64 | 2.2 | 21.48 | 297.15 | 318.63 | OK | |
r-release-macos-arm64 | 2.2 | 125.00 | OK | |||
r-release-macos-x86_64 | 2.2 | 263.00 | OK | |||
r-release-windows-x86_64 | 2.2 | 24.00 | 265.00 | 289.00 | OK | |
r-oldrel-macos-arm64 | 2.2 | 127.00 | OK | |||
r-oldrel-macos-x86_64 | 2.2 | 177.00 | OK | |||
r-oldrel-windows-x86_64 | 2.2 | 24.00 | 346.00 | 370.00 | OK |
Version: 2.2
Check: CRAN incoming feasibility
Result: NOTE
Maintainer: ‘Riko Kelter <riko_k@gmx.de>’
No Authors@R field in DESCRIPTION.
Please add one, modifying
Authors@R: person(given = "Riko",
family = "Kelter",
role = c("aut", "cre"),
email = "riko_k@gmx.de")
as necessary.
Flavors: r-devel-linux-x86_64-debian-clang, r-devel-linux-x86_64-debian-gcc