Last updated on 2024-05-21 14:57:10 CEST.
Flavor | Version | Tinstall | Tcheck | Ttotal | Status | Flags |
---|---|---|---|---|---|---|
r-devel-linux-x86_64-debian-clang | 1.0.1 | 28.60 | 102.51 | 131.11 | NOTE | |
r-devel-linux-x86_64-debian-gcc | 1.0.1 | 18.29 | 55.54 | 73.83 | NOTE | |
r-devel-linux-x86_64-fedora-clang | 1.0.1 | 196.51 | NOTE | |||
r-devel-linux-x86_64-fedora-gcc | 1.0.1 | 144.98 | NOTE | |||
r-devel-windows-x86_64 | 1.0.1 | 22.00 | 201.00 | 223.00 | NOTE | |
r-patched-linux-x86_64 | 1.0.1 | 24.52 | 107.53 | 132.05 | NOTE | |
r-release-linux-x86_64 | 1.0.1 | 24.27 | 96.13 | 120.40 | NOTE | |
r-release-macos-arm64 | 1.0.1 | 68.00 | NOTE | |||
r-release-windows-x86_64 | 1.0.1 | 21.00 | 137.00 | 158.00 | NOTE | |
r-oldrel-macos-arm64 | 1.0.1 | 63.00 | NOTE | |||
r-oldrel-macos-x86_64 | 1.0.1 | 88.00 | NOTE | |||
r-oldrel-windows-x86_64 | 1.0.1 | 23.00 | 142.00 | 165.00 | NOTE |
Version: 1.0.1
Check: C++ specification
Result: NOTE
Specified C++11: please drop specification unless essential
Flavors: r-devel-linux-x86_64-debian-clang, r-devel-linux-x86_64-debian-gcc, r-devel-linux-x86_64-fedora-clang, r-devel-linux-x86_64-fedora-gcc, r-devel-windows-x86_64, r-patched-linux-x86_64, r-release-linux-x86_64, r-release-macos-arm64, r-release-windows-x86_64, r-oldrel-macos-arm64, r-oldrel-macos-x86_64, r-oldrel-windows-x86_64