Last updated on 2025-02-21 02:52:11 CET.
Flavor | Version | Tinstall | Tcheck | Ttotal | Status | Flags |
---|---|---|---|---|---|---|
r-devel-linux-x86_64-debian-clang | 0.1.3 | 57.73 | 20.32 | 78.05 | OK | |
r-devel-linux-x86_64-debian-gcc | 0.1.3 | 43.63 | 16.04 | 59.67 | OK | |
r-devel-linux-x86_64-fedora-clang | 0.1.3 | 124.35 | OK | |||
r-devel-linux-x86_64-fedora-gcc | 0.1.3 | 124.47 | OK | |||
r-devel-macos-arm64 | 0.1.3 | 54.00 | OK | |||
r-devel-macos-x86_64 | 0.1.3 | 30.00 | ERROR | |||
r-devel-windows-x86_64 | 0.1.3 | 107.00 | 62.00 | 169.00 | OK | |
r-patched-linux-x86_64 | 0.1.3 | 55.19 | 19.52 | 74.71 | OK | |
r-release-linux-x86_64 | 0.1.3 | 57.37 | 19.37 | 76.74 | OK | |
r-release-macos-arm64 | 0.1.3 | 56.00 | NOTE | |||
r-release-macos-x86_64 | 0.1.3 | 74.00 | NOTE | |||
r-release-windows-x86_64 | 0.1.3 | 114.00 | 66.00 | 180.00 | OK | |
r-oldrel-macos-arm64 | 0.1.3 | 62.00 | NOTE | |||
r-oldrel-macos-x86_64 | 0.1.3 | 33.00 | ERROR | |||
r-oldrel-windows-x86_64 | 0.1.3 | 109.00 | 110.00 | 219.00 | OK |
Version: 0.1.3
Check: whether package can be installed
Result: ERROR
Installation failed.
Flavors: r-devel-macos-x86_64, r-oldrel-macos-x86_64
Version: 0.1.3
Check: installed package size
Result: NOTE
installed size is 7.9Mb
sub-directories of 1Mb or more:
libs 7.8Mb
Flavors: r-release-macos-arm64, r-release-macos-x86_64, r-oldrel-macos-arm64