Last updated on 2025-02-21 02:52:11 CET.
Flavor | Version | Tinstall | Tcheck | Ttotal | Status | Flags |
---|---|---|---|---|---|---|
r-devel-linux-x86_64-debian-clang | 1.1.1 | 226.05 | 82.50 | 308.55 | OK | |
r-devel-linux-x86_64-debian-gcc | 1.1.1 | 145.01 | 57.42 | 202.43 | OK | |
r-devel-linux-x86_64-fedora-clang | 1.1.1 | 455.43 | OK | |||
r-devel-linux-x86_64-fedora-gcc | 1.1.1 | 513.90 | OK | |||
r-devel-macos-arm64 | 1.1.1 | 117.00 | OK | |||
r-devel-macos-x86_64 | 1.1.1 | 191.00 | OK | |||
r-devel-windows-x86_64 | 1.1.1 | 170.00 | 116.00 | 286.00 | OK | |
r-patched-linux-x86_64 | 1.1.1 | 202.90 | 76.79 | 279.69 | OK | |
r-release-linux-x86_64 | 1.1.1 | 207.63 | 76.70 | 284.33 | OK | |
r-release-macos-arm64 | 1.1.1 | 119.00 | NOTE | |||
r-release-macos-x86_64 | 1.1.1 | 148.00 | NOTE | |||
r-release-windows-x86_64 | 1.1.1 | 170.00 | 116.00 | 286.00 | OK | |
r-oldrel-macos-arm64 | 1.1.1 | 130.00 | NOTE | |||
r-oldrel-macos-x86_64 | 1.1.1 | 272.00 | NOTE | |||
r-oldrel-windows-x86_64 | 1.1.1 | 210.00 | 135.00 | 345.00 | OK |
Version: 1.1.1
Check: installed package size
Result: NOTE
installed size is 25.5Mb
sub-directories of 1Mb or more:
libs 25.1Mb
Flavors: r-release-macos-arm64, r-release-macos-x86_64, r-oldrel-macos-arm64, r-oldrel-macos-x86_64