Last updated on 2025-02-21 02:52:11 CET.
Flavor | Version | Tinstall | Tcheck | Ttotal | Status | Flags |
---|---|---|---|---|---|---|
r-devel-linux-x86_64-debian-clang | 0.6.0 | 216.41 | 173.59 | 390.00 | OK | |
r-devel-linux-x86_64-debian-gcc | 0.6.0 | 171.38 | 137.51 | 308.89 | OK | |
r-devel-linux-x86_64-fedora-clang | 0.6.0 | 676.53 | OK | |||
r-devel-linux-x86_64-fedora-gcc | 0.6.0 | 731.99 | OK | |||
r-devel-macos-arm64 | 0.6.0 | 175.00 | OK | |||
r-devel-macos-x86_64 | 0.6.0 | 226.00 | OK | |||
r-devel-windows-x86_64 | 0.6.0 | 208.00 | 206.00 | 414.00 | OK | |
r-patched-linux-x86_64 | 0.6.0 | 235.51 | 185.37 | 420.88 | OK | |
r-release-linux-x86_64 | 0.6.0 | 228.72 | 184.50 | 413.22 | OK | |
r-release-macos-arm64 | 0.6.0 | 228.00 | NOTE | |||
r-release-macos-x86_64 | 0.6.0 | 302.00 | NOTE | |||
r-release-windows-x86_64 | 0.6.0 | 218.00 | 205.00 | 423.00 | OK | |
r-oldrel-macos-arm64 | 0.6.0 | 235.00 | NOTE | |||
r-oldrel-macos-x86_64 | 0.6.0 | 289.00 | NOTE | |||
r-oldrel-windows-x86_64 | 0.6.0 | 262.00 | 267.00 | 529.00 | OK |
Version: 0.6.0
Check: installed package size
Result: NOTE
installed size is 40.2Mb
sub-directories of 1Mb or more:
libs 38.5Mb
Flavors: r-release-macos-arm64, r-release-macos-x86_64, r-oldrel-macos-arm64, r-oldrel-macos-x86_64