Last updated on 2025-02-21 02:52:11 CET.
Flavor | Version | Tinstall | Tcheck | Ttotal | Status | Flags |
---|---|---|---|---|---|---|
r-devel-linux-x86_64-debian-clang | 0.1.1 | 57.96 | 85.61 | 143.57 | OK | |
r-devel-linux-x86_64-debian-gcc | 0.1.1 | 46.84 | 65.46 | 112.30 | OK | |
r-devel-linux-x86_64-fedora-clang | 0.1.1 | 237.62 | OK | |||
r-devel-linux-x86_64-fedora-gcc | 0.1.1 | 247.24 | OK | |||
r-devel-macos-arm64 | 0.1.1 | 65.00 | OK | |||
r-devel-macos-x86_64 | 0.1.1 | 111.00 | OK | |||
r-devel-windows-x86_64 | 0.1.1 | 56.00 | 111.00 | 167.00 | OK | |
r-patched-linux-x86_64 | 0.1.1 | 61.85 | 84.96 | 146.81 | OK | |
r-release-linux-x86_64 | 0.1.1 | 61.72 | 83.95 | 145.67 | OK | |
r-release-macos-arm64 | 0.1.1 | 63.00 | NOTE | |||
r-release-macos-x86_64 | 0.1.1 | 88.00 | NOTE | |||
r-release-windows-x86_64 | 0.1.1 | 57.00 | 108.00 | 165.00 | OK | |
r-oldrel-macos-arm64 | 0.1.1 | 71.00 | NOTE | |||
r-oldrel-macos-x86_64 | 0.1.1 | 140.00 | NOTE | |||
r-oldrel-windows-x86_64 | 0.1.1 | 73.00 | 144.00 | 217.00 | OK |
Version: 0.1.1
Check: installed package size
Result: NOTE
installed size is 17.0Mb
sub-directories of 1Mb or more:
libs 16.9Mb
Flavors: r-release-macos-arm64, r-release-macos-x86_64, r-oldrel-macos-arm64, r-oldrel-macos-x86_64