Last updated on 2025-02-21 02:52:11 CET.
Flavor | Version | Tinstall | Tcheck | Ttotal | Status | Flags |
---|---|---|---|---|---|---|
r-devel-linux-x86_64-debian-clang | 1.0-3 | 3.02 | 28.15 | 31.17 | NOTE | |
r-devel-linux-x86_64-debian-gcc | 1.0-3 | 2.21 | 22.40 | 24.61 | NOTE | |
r-devel-linux-x86_64-fedora-clang | 1.0-3 | 50.30 | NOTE | |||
r-devel-linux-x86_64-fedora-gcc | 1.0-3 | 48.70 | NOTE | |||
r-devel-macos-arm64 | 1.0-3 | 17.00 | NOTE | |||
r-devel-macos-x86_64 | 1.0-3 | 35.00 | NOTE | |||
r-devel-windows-x86_64 | 1.0-3 | 6.00 | 57.00 | 63.00 | NOTE | |
r-patched-linux-x86_64 | 1.0-3 | 3.60 | 26.53 | 30.13 | NOTE | |
r-release-linux-x86_64 | 1.0-3 | 2.76 | 26.74 | 29.50 | NOTE | |
r-release-macos-arm64 | 1.0-3 | 19.00 | NOTE | |||
r-release-macos-x86_64 | 1.0-3 | 29.00 | NOTE | |||
r-release-windows-x86_64 | 1.0-3 | 5.00 | 55.00 | 60.00 | NOTE | |
r-oldrel-macos-arm64 | 1.0-3 | 20.00 | NOTE | |||
r-oldrel-macos-x86_64 | 1.0-3 | 28.00 | NOTE | |||
r-oldrel-windows-x86_64 | 1.0-3 | 9.00 | 57.00 | 66.00 | NOTE |
Version: 1.0-3
Check: Rd files
Result: NOTE
checkRd: (-1) morse.Rd:40: Escaped LaTeX specials: \#
checkRd: (-1) noRegMin.Rd:23: Escaped LaTeX specials: \#
checkRd: (-1) noRegMin.Rd:24: Escaped LaTeX specials: \#
checkRd: (-1) regMin.Rd:24: Escaped LaTeX specials: \#
Flavors: r-devel-linux-x86_64-debian-clang, r-devel-linux-x86_64-debian-gcc, r-devel-linux-x86_64-fedora-clang, r-devel-linux-x86_64-fedora-gcc, r-devel-macos-arm64, r-devel-macos-x86_64, r-devel-windows-x86_64, r-patched-linux-x86_64, r-release-linux-x86_64, r-release-macos-arm64, r-release-macos-x86_64, r-release-windows-x86_64, r-oldrel-macos-arm64, r-oldrel-macos-x86_64, r-oldrel-windows-x86_64
Version: 1.0-3
Check: compiled code
Result: NOTE
File ‘fechner/libs/fechner.so’:
Found no calls to: ‘R_registerRoutines’, ‘R_useDynamicSymbols’
It is good practice to register native routines and to disable symbol
search.
See ‘Writing portable packages’ in the ‘Writing R Extensions’ manual.
Flavors: r-devel-linux-x86_64-fedora-clang, r-devel-linux-x86_64-fedora-gcc