Last updated on 2025-05-10 02:49:43 CEST.
Flavor | Version | Tinstall | Tcheck | Ttotal | Status | Flags |
---|---|---|---|---|---|---|
r-devel-linux-x86_64-debian-clang | 1.0.0 | 119.24 | 146.81 | 266.05 | NOTE | |
r-devel-linux-x86_64-debian-gcc | 1.0.0 | 84.29 | 99.15 | 183.44 | NOTE | |
r-devel-linux-x86_64-fedora-clang | 1.0.0 | 492.62 | NOTE | |||
r-devel-linux-x86_64-fedora-gcc | 1.0.0 | 476.10 | NOTE | |||
r-devel-windows-x86_64 | 1.0.0 | 131.00 | 146.00 | 277.00 | NOTE | |
r-patched-linux-x86_64 | 1.0.0 | 121.81 | 133.96 | 255.77 | NOTE | |
r-release-linux-x86_64 | 1.0.0 | 117.23 | 135.25 | 252.48 | NOTE | |
r-release-macos-arm64 | 1.0.0 | 102.00 | NOTE | |||
r-release-macos-x86_64 | 1.0.0 | 176.00 | NOTE | |||
r-release-windows-x86_64 | 1.0.0 | 129.00 | 0.00 | 129.00 | FAIL | |
r-oldrel-macos-arm64 | 1.0.0 | 92.00 | NOTE | |||
r-oldrel-macos-x86_64 | 1.0.0 | 126.00 | NOTE | |||
r-oldrel-windows-x86_64 | 1.0.0 | 163.00 | 192.00 | 355.00 | NOTE |
Version: 1.0.0
Check: CRAN incoming feasibility
Result: NOTE
Maintainer: ‘Ziyi Liu <zyliu2020@uchicago.edu>’
The Description field contains
be found in Liu, Wang and Xu (2022) <arXiv:2107.00856>.
Please refer to arXiv e-prints via their arXiv DOI <doi:10.48550/arXiv.YYMM.NNNNN>.
Flavors: r-devel-linux-x86_64-debian-clang, r-devel-linux-x86_64-debian-gcc
Version: 1.0.0
Check: C++ specification
Result: NOTE
Specified C++11: please drop specification unless essential
Flavors: r-devel-linux-x86_64-debian-clang, r-devel-linux-x86_64-debian-gcc, r-devel-linux-x86_64-fedora-clang, r-devel-linux-x86_64-fedora-gcc, r-devel-windows-x86_64, r-patched-linux-x86_64, r-release-linux-x86_64, r-release-macos-arm64, r-release-macos-x86_64, r-release-windows-x86_64, r-oldrel-macos-arm64, r-oldrel-macos-x86_64, r-oldrel-windows-x86_64
Version: 1.0.0
Check: dependencies in R code
Result: NOTE
Namespace in Imports field not imported from: ‘panelView’
All declared Imports should be used.
Flavors: r-devel-linux-x86_64-fedora-clang, r-devel-linux-x86_64-fedora-gcc
Version: 1.0.0
Check: PDF version of manual
Result: FAIL
Check process probably crashed or hung up for 20 minutes ... killed
Most likely this happened in the example checks (?),
if not, ignore the following last lines of example output:
> print(out)
Call:
interFE.formula(formula = Y ~ X1 + X2, data = d, index = c("id",
"time"), r = 2, force = "two-way", nboots = 50)
Estimated Coefficients:
Coef S.E. CI.lower CI.upper p.value
X1 0.9774 0.03378 0.9215 1.039 0
X2 3.0044 0.02455 2.9588 3.048 0
_const 11.4939 0.31403 10.9622 11.996 0
>
>
>
> ### * <FOOTER>
> ###
> cleanEx()
> options(digits = 7L)
> base::cat("Time elapsed: ", proc.time() - base::get("ptime", pos = 'CheckExEnv'),"\n")
Time elapsed: 8.9 1 9.91 NA NA
> grDevices::dev.off()
null device
1
> ###
> ### Local variables: ***
> ### mode: outline-minor ***
> ### outline-regexp: "\\(> \\)?### [*]+" ***
> ### End: ***
> quit('no')
======== End of example output (where/before crash/hang up occured ?) ========
Flavor: r-release-windows-x86_64
Version: 1.0.0
Check: installed package size
Result: NOTE
installed size is 8.6Mb
sub-directories of 1Mb or more:
libs 7.2Mb
Flavors: r-oldrel-macos-arm64, r-oldrel-macos-x86_64