Last updated on 2024-05-21 14:57:10 CEST.
Flavor | Version | Tinstall | Tcheck | Ttotal | Status | Flags |
---|---|---|---|---|---|---|
r-devel-linux-x86_64-debian-clang | 1.1.14 | 5.75 | 116.49 | 122.24 | NOTE | |
r-devel-linux-x86_64-debian-gcc | 1.1.14 | 5.69 | 84.39 | 90.08 | NOTE | |
r-devel-linux-x86_64-fedora-clang | 1.1.14 | 148.78 | NOTE | |||
r-devel-linux-x86_64-fedora-gcc | 1.1.14 | 141.01 | NOTE | |||
r-devel-windows-x86_64 | 1.1.14 | 7.00 | 105.00 | 112.00 | NOTE | |
r-patched-linux-x86_64 | 1.1.14 | 10.21 | 110.25 | 120.46 | NOTE | |
r-release-linux-x86_64 | 1.1.14 | 4.87 | 110.65 | 115.52 | NOTE | |
r-release-macos-arm64 | 1.1.14 | 46.00 | NOTE | |||
r-release-windows-x86_64 | 1.1.14 | 7.00 | 106.00 | 113.00 | NOTE | |
r-oldrel-macos-arm64 | 1.1.14 | 44.00 | NOTE | |||
r-oldrel-macos-x86_64 | 1.1.14 | 71.00 | NOTE | |||
r-oldrel-windows-x86_64 | 1.1.14 | 10.00 | 127.00 | 137.00 | NOTE |
Version: 1.1.14
Check: LazyData
Result: NOTE
'LazyData' is specified without a 'data' directory
Flavors: r-devel-linux-x86_64-debian-clang, r-devel-linux-x86_64-debian-gcc, r-devel-linux-x86_64-fedora-clang, r-devel-linux-x86_64-fedora-gcc, r-devel-windows-x86_64, r-patched-linux-x86_64, r-release-linux-x86_64, r-release-macos-arm64, r-release-windows-x86_64, r-oldrel-macos-arm64, r-oldrel-macos-x86_64, r-oldrel-windows-x86_64