Last updated on 2025-02-20 14:50:52 CET.
Flavor | Version | Tinstall | Tcheck | Ttotal | Status | Flags |
---|---|---|---|---|---|---|
r-devel-linux-x86_64-debian-clang | 1.0.8 | 17.75 | 380.65 | 398.40 | OK | |
r-devel-linux-x86_64-debian-gcc | 1.0.8 | 10.91 | 262.14 | 273.05 | OK | |
r-devel-linux-x86_64-fedora-clang | 1.0.8 | 615.58 | OK | |||
r-devel-linux-x86_64-fedora-gcc | 1.0.8 | 605.57 | OK | |||
r-devel-macos-arm64 | 1.0.8 | 214.00 | OK | |||
r-devel-macos-x86_64 | 1.0.8 | 386.00 | OK | |||
r-devel-windows-x86_64 | 1.0.8 | 17.00 | 370.00 | 387.00 | OK | |
r-patched-linux-x86_64 | 1.0.8 | 15.25 | 353.10 | 368.35 | OK | |
r-release-linux-x86_64 | 1.0.8 | 15.29 | 352.43 | 367.72 | OK | |
r-release-macos-arm64 | 1.0.8 | 137.00 | NOTE | |||
r-release-macos-x86_64 | 1.0.8 | 228.00 | NOTE | |||
r-release-windows-x86_64 | 1.0.8 | 17.00 | 364.00 | 381.00 | NOTE | |
r-oldrel-macos-arm64 | 1.0.8 | 352.00 | NOTE | |||
r-oldrel-macos-x86_64 | 1.0.8 | 479.00 | NOTE | |||
r-oldrel-windows-x86_64 | 1.0.8 | 24.00 | 441.00 | 465.00 | NOTE |
Version: 1.0.8
Check: installed package size
Result: NOTE
installed size is 5.6Mb
sub-directories of 1Mb or more:
doc 4.9Mb
Flavors: r-release-macos-arm64, r-release-macos-x86_64, r-release-windows-x86_64, r-oldrel-macos-arm64, r-oldrel-macos-x86_64, r-oldrel-windows-x86_64