Last updated on 2025-02-21 02:52:11 CET.
Flavor | Version | Tinstall | Tcheck | Ttotal | Status | Flags |
---|---|---|---|---|---|---|
r-devel-linux-x86_64-debian-clang | 0.2.0 | 15.20 | 55.33 | 70.53 | OK | |
r-devel-linux-x86_64-debian-gcc | 0.2.0 | 12.14 | 40.13 | 52.27 | OK | |
r-devel-linux-x86_64-fedora-clang | 0.2.0 | 112.61 | OK | |||
r-devel-linux-x86_64-fedora-gcc | 0.2.0 | 125.72 | OK | |||
r-devel-macos-arm64 | 0.2.0 | 45.00 | OK | |||
r-devel-macos-x86_64 | 0.2.0 | 141.00 | OK | |||
r-devel-windows-x86_64 | 0.2.0 | 57.00 | 112.00 | 169.00 | OK | |
r-patched-linux-x86_64 | 0.2.0 | 16.54 | 53.21 | 69.75 | OK | |
r-release-linux-x86_64 | 0.2.0 | 17.92 | 53.22 | 71.14 | OK | |
r-release-macos-arm64 | 0.2.0 | 58.00 | OK | |||
r-release-macos-x86_64 | 0.2.0 | 132.00 | OK | |||
r-release-windows-x86_64 | 0.2.0 | 56.00 | 114.00 | 170.00 | OK | |
r-oldrel-macos-arm64 | 0.1.2 | 52.00 | NOTE | |||
r-oldrel-macos-x86_64 | 0.2.0 | 126.00 | OK | |||
r-oldrel-windows-x86_64 | 0.2.0 | 77.00 | 128.00 | 205.00 | OK |
Version: 0.1.2
Check: installed package size
Result: NOTE
installed size is 5.5Mb
sub-directories of 1Mb or more:
data 2.4Mb
extdata 2.8Mb
Flavor: r-oldrel-macos-arm64