Last updated on 2025-02-21 02:52:11 CET.
Flavor | Version | Tinstall | Tcheck | Ttotal | Status | Flags |
---|---|---|---|---|---|---|
r-devel-linux-x86_64-debian-clang | 2.1.0 | 3.28 | 113.12 | 116.40 | OK | |
r-devel-linux-x86_64-debian-gcc | 2.1.0 | 2.80 | 86.12 | 88.92 | OK | |
r-devel-linux-x86_64-fedora-clang | 2.1.0 | 175.61 | OK | |||
r-devel-linux-x86_64-fedora-gcc | 2.1.0 | 196.13 | OK | |||
r-devel-macos-arm64 | 2.1.0 | 65.00 | OK | |||
r-devel-macos-x86_64 | 2.1.0 | 106.00 | OK | |||
r-devel-windows-x86_64 | 2.1.0 | 7.00 | 130.00 | 137.00 | OK | |
r-patched-linux-x86_64 | 2.1.0 | 3.93 | 107.30 | 111.23 | OK | |
r-release-linux-x86_64 | 2.1.0 | 4.27 | 106.80 | 111.07 | OK | |
r-release-macos-arm64 | 2.1.0 | 58.00 | OK | |||
r-release-macos-x86_64 | 2.1.0 | 74.00 | OK | |||
r-release-windows-x86_64 | 2.1.0 | 8.00 | 132.00 | 140.00 | OK | |
r-oldrel-macos-arm64 | 2.1.0 | 93.00 | OK | |||
r-oldrel-macos-x86_64 | 2.1.0 | 86.00 | OK | |||
r-oldrel-windows-x86_64 | 2.1.0 | 9.00 | 193.00 | 202.00 | ERROR |
Version: 2.1.0
Check: re-building of vignette outputs
Result: ERROR
Error(s) in re-building vignettes:
--- re-building 'Overview-PackageTutorial.Rmd' using rmarkdown
trying URL 'https://raw.githubusercontent.com/jwijffels/udpipe.models.ud.2.5/master/inst/udpipe-ud-2.5-191206/finnish-ftb-ud-2.5-191206.udpipe'
Content type 'application/octet-stream' length 20538751 bytes (19.6 MB)
====================
downloaded 8.0 MB
Quitting from lines 72-78 [unnamed-chunk-4] (Overview-PackageTutorial.Rmd)
Error: processing vignette 'Overview-PackageTutorial.Rmd' failed with diagnostics:
external pointer is not valid
--- failed re-building 'Overview-PackageTutorial.Rmd'
--- re-building 'ReadMe.Rmd' using rmarkdown
--- finished re-building 'ReadMe.Rmd'
SUMMARY: processing the following file failed:
'Overview-PackageTutorial.Rmd'
Error: Vignette re-building failed.
Execution halted
Flavor: r-oldrel-windows-x86_64