Last updated on 2024-05-21 14:57:11 CEST.
Flavor | Version | Tinstall | Tcheck | Ttotal | Status | Flags |
---|---|---|---|---|---|---|
r-devel-linux-x86_64-debian-clang | 1.0.0 | 6.33 | 87.78 | 94.11 | OK | |
r-devel-linux-x86_64-debian-gcc | 1.0.0 | 5.49 | 66.47 | 71.96 | OK | |
r-devel-linux-x86_64-fedora-clang | 1.0.0 | 118.69 | NOTE | |||
r-devel-linux-x86_64-fedora-gcc | 1.0.0 | 124.66 | NOTE | |||
r-devel-windows-x86_64 | 1.0.0 | 12.00 | 98.00 | 110.00 | OK | |
r-patched-linux-x86_64 | 1.0.0 | 7.25 | 84.06 | 91.31 | OK | |
r-release-linux-x86_64 | 1.0.0 | 6.06 | 86.17 | 92.23 | OK | |
r-release-macos-arm64 | 1.0.0 | 42.00 | OK | |||
r-release-macos-x86_64 | 1.0.0 | 88.00 | OK | |||
r-release-windows-x86_64 | 1.0.0 | 11.00 | 98.00 | 109.00 | OK | |
r-oldrel-macos-arm64 | 1.0.0 | 54.00 | OK | |||
r-oldrel-macos-x86_64 | 1.0.0 | 87.00 | OK | |||
r-oldrel-windows-x86_64 | 1.0.0 | 14.00 | 112.00 | 126.00 | OK |
Version: 1.0.0
Check: data for non-ASCII characters
Result: NOTE
Note: found 68047 marked UTF-8 strings
Flavors: r-devel-linux-x86_64-fedora-clang, r-devel-linux-x86_64-fedora-gcc