Last updated on 2025-02-21 02:52:11 CET.
Flavor | Version | Tinstall | Tcheck | Ttotal | Status | Flags |
---|---|---|---|---|---|---|
r-devel-linux-x86_64-debian-clang | 1.0.0 | 18.14 | 58.90 | 77.04 | NOTE | |
r-devel-linux-x86_64-debian-gcc | 1.0.0 | 12.31 | 39.09 | 51.40 | NOTE | |
r-devel-linux-x86_64-fedora-clang | 1.0.0 | 136.93 | NOTE | |||
r-devel-linux-x86_64-fedora-gcc | 1.0.0 | 136.62 | NOTE | |||
r-devel-macos-arm64 | 1.0.0 | 43.00 | NOTE | |||
r-devel-macos-x86_64 | 1.0.0 | 90.00 | NOTE | |||
r-devel-windows-x86_64 | 1.0.0 | 22.00 | 90.00 | 112.00 | NOTE | |
r-patched-linux-x86_64 | 1.0.0 | 17.57 | 54.49 | 72.06 | NOTE | |
r-release-linux-x86_64 | 1.0.0 | 15.84 | 54.10 | 69.94 | NOTE | |
r-release-macos-arm64 | 1.0.0 | 41.00 | NOTE | |||
r-release-macos-x86_64 | 1.0.0 | 65.00 | NOTE | |||
r-release-windows-x86_64 | 1.0.0 | 22.00 | 95.00 | 117.00 | NOTE | |
r-oldrel-macos-arm64 | 1.0.0 | 41.00 | NOTE | |||
r-oldrel-macos-x86_64 | 1.0.0 | 70.00 | NOTE | |||
r-oldrel-windows-x86_64 | 1.0.0 | 27.00 | 119.00 | 146.00 | NOTE |
Version: 1.0.0
Check: C++ specification
Result: NOTE
Specified C++11: please drop specification unless essential
Flavors: r-devel-linux-x86_64-debian-clang, r-devel-linux-x86_64-debian-gcc, r-devel-linux-x86_64-fedora-clang, r-devel-linux-x86_64-fedora-gcc, r-devel-macos-arm64, r-devel-macos-x86_64, r-devel-windows-x86_64, r-patched-linux-x86_64, r-release-linux-x86_64, r-release-macos-arm64, r-release-macos-x86_64, r-release-windows-x86_64, r-oldrel-macos-arm64, r-oldrel-macos-x86_64, r-oldrel-windows-x86_64
Version: 1.0.0
Check: LazyData
Result: NOTE
'LazyData' is specified without a 'data' directory
Flavors: r-patched-linux-x86_64, r-release-linux-x86_64, r-release-macos-arm64, r-release-macos-x86_64, r-release-windows-x86_64, r-oldrel-macos-arm64, r-oldrel-macos-x86_64, r-oldrel-windows-x86_64