Last updated on 2025-02-21 02:52:11 CET.
Flavor | Version | Tinstall | Tcheck | Ttotal | Status | Flags |
---|---|---|---|---|---|---|
r-devel-linux-x86_64-debian-clang | 1.13-1 | 117.64 | 179.89 | 297.53 | OK | |
r-devel-linux-x86_64-debian-gcc | 1.13-1 | 90.81 | 108.68 | 199.49 | OK | |
r-devel-linux-x86_64-fedora-clang | 1.13-1 | 462.20 | OK | |||
r-devel-linux-x86_64-fedora-gcc | 1.13-1 | 518.72 | OK | |||
r-devel-macos-arm64 | 1.13-1 | 103.00 | OK | |||
r-devel-macos-x86_64 | 1.13-1 | 319.00 | OK | |||
r-devel-windows-x86_64 | 1.13-1 | 112.00 | 209.00 | 321.00 | OK | |
r-patched-linux-x86_64 | 1.13-1 | 134.55 | 165.86 | 300.41 | OK | |
r-release-linux-x86_64 | 1.13-1 | 124.22 | 164.68 | 288.90 | OK | |
r-release-macos-arm64 | 1.13-1 | 131.00 | NOTE | |||
r-release-macos-x86_64 | 1.13-1 | 322.00 | NOTE | |||
r-release-windows-x86_64 | 1.13-1 | 112.00 | 196.00 | 308.00 | NOTE | |
r-oldrel-macos-arm64 | 1.12-1 | 102.00 | NOTE | |||
r-oldrel-macos-x86_64 | 1.13-1 | 272.00 | NOTE | |||
r-oldrel-windows-x86_64 | 1.13-1 | 142.00 | 238.00 | 380.00 | NOTE |
Version: 1.13-1
Check: installed package size
Result: NOTE
installed size is 48.5Mb
sub-directories of 1Mb or more:
libs 47.1Mb
Flavors: r-release-macos-arm64, r-release-macos-x86_64, r-release-windows-x86_64, r-oldrel-macos-x86_64, r-oldrel-windows-x86_64
Version: 1.12-1
Check: installed package size
Result: NOTE
installed size is 34.2Mb
sub-directories of 1Mb or more:
libs 32.9Mb
Flavor: r-oldrel-macos-arm64