CRAN Package Check Results for Package fitplc

Last updated on 2025-02-21 02:52:11 CET.

Flavor Version Tinstall Tcheck Ttotal Status Flags
r-devel-linux-x86_64-debian-clang 1.2-3 3.44 42.37 45.81 NOTE
r-devel-linux-x86_64-debian-gcc 1.2-3 2.19 29.44 31.63 NOTE
r-devel-linux-x86_64-fedora-clang 1.2-3 74.21 OK
r-devel-linux-x86_64-fedora-gcc 1.2-3 68.39 OK
r-devel-macos-arm64 1.2-3 27.00 OK
r-devel-macos-x86_64 1.2-3 43.00 OK
r-devel-windows-x86_64 1.2-3 5.00 63.00 68.00 NOTE
r-patched-linux-x86_64 1.2-3 9.81 39.67 49.48 OK
r-release-linux-x86_64 1.2-3 2.45 39.90 42.35 OK
r-release-macos-arm64 1.2-3 25.00 OK
r-release-macos-x86_64 1.2-3 37.00 OK
r-release-windows-x86_64 1.2-3 5.00 61.00 66.00 OK
r-oldrel-macos-arm64 1.2-3 25.00 OK
r-oldrel-macos-x86_64 1.2-3 37.00 OK
r-oldrel-windows-x86_64 1.2-3 7.00 70.00 77.00 OK

Check Details

Version: 1.2-3
Check: Rd cross-references
Result: NOTE Found the following Rd file(s) with Rd \link{} targets missing package anchors: fitplc.Rd: nlme, lme, intervals.lme, deltaMethod Please provide package anchors for all Rd \link{} targets not in the package itself and the base packages. Flavors: r-devel-linux-x86_64-debian-clang, r-devel-linux-x86_64-debian-gcc, r-devel-windows-x86_64