CRAN Package Check Results for Package fivethirtyeight

Last updated on 2025-02-21 02:52:11 CET.

Flavor Version Tinstall Tcheck Ttotal Status Flags
r-devel-linux-x86_64-debian-clang 0.6.2 6.69 59.76 66.45 NOTE
r-devel-linux-x86_64-debian-gcc 0.6.2 5.48 45.17 50.65 NOTE
r-devel-linux-x86_64-fedora-clang 0.6.2 109.16 NOTE
r-devel-linux-x86_64-fedora-gcc 0.6.2 117.36 NOTE
r-devel-macos-arm64 0.6.2 41.00 NOTE
r-devel-macos-x86_64 0.6.2 79.00 NOTE
r-devel-windows-x86_64 0.6.2 11.00 105.00 116.00 NOTE
r-patched-linux-x86_64 0.6.2 9.50 58.02 67.52 NOTE
r-release-linux-x86_64 0.6.2 6.97 57.82 64.79 NOTE
r-release-macos-arm64 0.6.2 47.00 NOTE
r-release-macos-x86_64 0.6.2 69.00 NOTE
r-release-windows-x86_64 0.6.2 12.00 103.00 115.00 NOTE
r-oldrel-macos-arm64 0.6.2 51.00 NOTE
r-oldrel-macos-x86_64 0.6.2 71.00 NOTE
r-oldrel-windows-x86_64 0.6.2 13.00 183.00 196.00 WARN

Check Details

Version: 0.6.2
Check: Rd files
Result: NOTE checkRd: (-1) food_world_cup.Rd:70: Lost braces in \itemize; meant \describe ? checkRd: (-1) food_world_cup.Rd:71: Lost braces in \itemize; meant \describe ? checkRd: (-1) food_world_cup.Rd:72: Lost braces in \itemize; meant \describe ? checkRd: (-1) food_world_cup.Rd:73: Lost braces in \itemize; meant \describe ? checkRd: (-1) food_world_cup.Rd:74: Lost braces in \itemize; meant \describe ? checkRd: (-1) food_world_cup.Rd:75: Lost braces in \itemize; meant \describe ? Flavors: r-devel-linux-x86_64-debian-clang, r-devel-linux-x86_64-debian-gcc, r-devel-linux-x86_64-fedora-clang, r-devel-linux-x86_64-fedora-gcc, r-devel-macos-arm64, r-devel-macos-x86_64, r-devel-windows-x86_64, r-patched-linux-x86_64, r-release-linux-x86_64, r-release-macos-arm64, r-release-macos-x86_64, r-release-windows-x86_64

Version: 0.6.2
Check: package dependencies
Result: NOTE Package suggested but not available for checking: ‘fivethirtyeightdata’ Flavors: r-patched-linux-x86_64, r-release-linux-x86_64, r-release-macos-arm64, r-release-macos-x86_64, r-release-windows-x86_64, r-oldrel-macos-arm64, r-oldrel-macos-x86_64, r-oldrel-windows-x86_64

Version: 0.6.2
Check: Rd cross-references
Result: NOTE Package unavailable to check Rd xrefs: ‘fivethirtyeightdata’ Flavors: r-patched-linux-x86_64, r-release-linux-x86_64, r-release-macos-arm64, r-release-macos-x86_64, r-release-windows-x86_64, r-oldrel-macos-arm64, r-oldrel-macos-x86_64

Version: 0.6.2
Check: installed package size
Result: NOTE installed size is 5.0Mb sub-directories of 1Mb or more: data 3.8Mb Flavor: r-oldrel-windows-x86_64

Version: 0.6.2
Check: Rd cross-references
Result: WARN Warning in readRDS(con) : URL 'https://CRAN.R-project.org/src/contrib/Meta/aliases.rds': Timeout of 60 seconds was reached Package unavailable to check Rd xrefs: 'fivethirtyeightdata' Flavor: r-oldrel-windows-x86_64