Last updated on 2024-05-21 14:57:11 CEST.
Flavor | Version | Tinstall | Tcheck | Ttotal | Status | Flags |
---|---|---|---|---|---|---|
r-devel-linux-x86_64-debian-clang | 0.6.2 | 8.00 | 75.53 | 83.53 | NOTE | |
r-devel-linux-x86_64-debian-gcc | 0.6.2 | 6.43 | 57.41 | 63.84 | NOTE | |
r-devel-linux-x86_64-fedora-clang | 0.6.2 | 104.96 | NOTE | |||
r-devel-linux-x86_64-fedora-gcc | 0.6.2 | 114.60 | NOTE | |||
r-devel-windows-x86_64 | 0.6.2 | 12.00 | 105.00 | 117.00 | NOTE | |
r-patched-linux-x86_64 | 0.6.2 | 11.28 | 73.21 | 84.49 | NOTE | |
r-release-linux-x86_64 | 0.6.2 | 9.25 | 71.16 | 80.41 | NOTE | |
r-release-macos-arm64 | 0.6.2 | 47.00 | NOTE | |||
r-release-windows-x86_64 | 0.6.2 | 13.00 | 105.00 | 118.00 | NOTE | |
r-oldrel-macos-arm64 | 0.6.2 | 51.00 | NOTE | |||
r-oldrel-macos-x86_64 | 0.6.2 | 71.00 | NOTE | |||
r-oldrel-windows-x86_64 | 0.6.2 | 15.00 | 116.00 | 131.00 | NOTE |
Version: 0.6.2
Check: package dependencies
Result: NOTE
Package suggested but not available for checking: ‘fivethirtyeightdata’
Flavors: r-devel-linux-x86_64-debian-clang, r-devel-linux-x86_64-debian-gcc, r-devel-linux-x86_64-fedora-clang, r-devel-linux-x86_64-fedora-gcc, r-devel-windows-x86_64, r-patched-linux-x86_64, r-release-linux-x86_64, r-release-macos-arm64, r-release-windows-x86_64, r-oldrel-macos-arm64, r-oldrel-macos-x86_64, r-oldrel-windows-x86_64
Version: 0.6.2
Check: Rd files
Result: NOTE
checkRd: (-1) food_world_cup.Rd:70: Lost braces in \itemize; meant \describe ?
checkRd: (-1) food_world_cup.Rd:71: Lost braces in \itemize; meant \describe ?
checkRd: (-1) food_world_cup.Rd:72: Lost braces in \itemize; meant \describe ?
checkRd: (-1) food_world_cup.Rd:73: Lost braces in \itemize; meant \describe ?
checkRd: (-1) food_world_cup.Rd:74: Lost braces in \itemize; meant \describe ?
checkRd: (-1) food_world_cup.Rd:75: Lost braces in \itemize; meant \describe ?
Flavors: r-devel-linux-x86_64-debian-clang, r-devel-linux-x86_64-debian-gcc, r-devel-linux-x86_64-fedora-clang, r-devel-linux-x86_64-fedora-gcc, r-devel-windows-x86_64, r-patched-linux-x86_64, r-release-linux-x86_64, r-release-macos-arm64, r-release-windows-x86_64
Version: 0.6.2
Check: Rd cross-references
Result: NOTE
Package unavailable to check Rd xrefs: ‘fivethirtyeightdata’
Flavors: r-devel-linux-x86_64-debian-clang, r-devel-linux-x86_64-debian-gcc, r-devel-linux-x86_64-fedora-clang, r-devel-linux-x86_64-fedora-gcc, r-devel-windows-x86_64, r-patched-linux-x86_64, r-release-linux-x86_64, r-release-macos-arm64, r-release-windows-x86_64, r-oldrel-macos-arm64, r-oldrel-macos-x86_64, r-oldrel-windows-x86_64
Version: 0.6.2
Check: data for non-ASCII characters
Result: NOTE
Note: found 584 marked UTF-8 strings
Flavors: r-devel-linux-x86_64-fedora-clang, r-devel-linux-x86_64-fedora-gcc
Version: 0.6.2
Check: installed package size
Result: NOTE
installed size is 5.0Mb
sub-directories of 1Mb or more:
data 3.8Mb
Flavor: r-oldrel-windows-x86_64