Last updated on 2025-02-21 02:52:11 CET.
Flavor | Version | Tinstall | Tcheck | Ttotal | Status | Flags |
---|---|---|---|---|---|---|
r-devel-linux-x86_64-debian-clang | 0.1.6 | 4.57 | 39.49 | 44.06 | OK | |
r-devel-linux-x86_64-debian-gcc | 0.1.6 | 2.84 | 29.13 | 31.97 | OK | |
r-devel-linux-x86_64-fedora-clang | 0.1.6 | 70.83 | OK | |||
r-devel-linux-x86_64-fedora-gcc | 0.1.6 | 77.83 | OK | |||
r-devel-macos-arm64 | 0.1.6 | 31.00 | OK | |||
r-devel-macos-x86_64 | 0.1.6 | 66.00 | OK | |||
r-devel-windows-x86_64 | 0.1.6 | 6.00 | 63.00 | 69.00 | OK | |
r-patched-linux-x86_64 | 0.1.6 | 4.24 | 36.19 | 40.43 | NOTE | |
r-release-linux-x86_64 | 0.1.6 | 3.25 | 36.60 | 39.85 | NOTE | |
r-release-macos-arm64 | 0.1.6 | 27.00 | NOTE | |||
r-release-macos-x86_64 | 0.1.6 | 43.00 | NOTE | |||
r-release-windows-x86_64 | 0.1.6 | 7.00 | 58.00 | 65.00 | NOTE | |
r-oldrel-macos-arm64 | 0.1.6 | 32.00 | NOTE | |||
r-oldrel-macos-x86_64 | 0.1.6 | 43.00 | NOTE | |||
r-oldrel-windows-x86_64 | 0.1.6 | 8.00 | 59.00 | 67.00 | NOTE |
Version: 0.1.6
Check: LazyData
Result: NOTE
'LazyData' is specified without a 'data' directory
Flavors: r-patched-linux-x86_64, r-release-linux-x86_64, r-release-macos-arm64, r-release-macos-x86_64, r-release-windows-x86_64, r-oldrel-macos-arm64, r-oldrel-macos-x86_64, r-oldrel-windows-x86_64