Last updated on 2025-02-20 14:50:52 CET.
Flavor | Version | Tinstall | Tcheck | Ttotal | Status | Flags |
---|---|---|---|---|---|---|
r-devel-linux-x86_64-debian-clang | 0.1.3 | 6.69 | 48.68 | 55.37 | NOTE | |
r-devel-linux-x86_64-debian-gcc | 0.1.3 | 4.69 | 35.53 | 40.22 | NOTE | |
r-devel-linux-x86_64-fedora-clang | 0.1.3 | 86.86 | NOTE | |||
r-devel-linux-x86_64-fedora-gcc | 0.1.3 | 94.29 | NOTE | |||
r-devel-macos-arm64 | 0.1.3 | 42.00 | NOTE | |||
r-devel-macos-x86_64 | 0.1.3 | 65.00 | NOTE | |||
r-devel-windows-x86_64 | 0.1.3 | 8.00 | 72.00 | 80.00 | NOTE | |
r-patched-linux-x86_64 | 0.1.3 | 5.55 | 44.75 | 50.30 | NOTE | |
r-release-linux-x86_64 | 0.1.3 | 5.67 | 44.66 | 50.33 | NOTE | |
r-release-macos-arm64 | 0.1.3 | 32.00 | NOTE | |||
r-release-macos-x86_64 | 0.1.3 | 58.00 | NOTE | |||
r-release-windows-x86_64 | 0.1.3 | 8.00 | 69.00 | 77.00 | NOTE | |
r-oldrel-macos-arm64 | 0.1.3 | 34.00 | OK | |||
r-oldrel-macos-x86_64 | 0.1.3 | 51.00 | OK | |||
r-oldrel-windows-x86_64 | 0.1.3 | 10.00 | 89.00 | 99.00 | OK |
Version: 0.1.3
Check: Rd files
Result: NOTE
checkRd: (-1) distribution_vector.Rd:14: Lost braces; missing escapes or markup?
14 | All standard distributions from {stats} package are covered. For a list
| ^
Flavors: r-devel-linux-x86_64-debian-clang, r-devel-linux-x86_64-debian-gcc, r-devel-linux-x86_64-fedora-clang, r-devel-linux-x86_64-fedora-gcc, r-devel-macos-arm64, r-devel-macos-x86_64, r-devel-windows-x86_64, r-patched-linux-x86_64, r-release-linux-x86_64, r-release-macos-arm64, r-release-macos-x86_64, r-release-windows-x86_64