CRAN Package Check Results for Package fizzbuzzR

Last updated on 2025-02-18 02:50:36 CET.

Flavor Version Tinstall Tcheck Ttotal Status Flags
r-devel-linux-x86_64-debian-clang 0.1.1 1.55 16.11 17.66 OK
r-devel-linux-x86_64-debian-gcc 0.1.1 1.22 13.61 14.83 OK
r-devel-linux-x86_64-fedora-clang 0.1.1 29.08 OK
r-devel-linux-x86_64-fedora-gcc 0.1.1 26.62 OK
r-devel-macos-arm64 0.1.1 12.00 OK
r-devel-macos-x86_64 0.1.1 22.00 OK
r-devel-windows-x86_64 0.1.1 2.00 50.00 52.00 OK
r-patched-linux-x86_64 0.1.1 1.57 15.51 17.08 NOTE
r-release-linux-x86_64 0.1.1 1.39 15.67 17.06 NOTE
r-release-macos-arm64 0.1.1 15.00 NOTE
r-release-macos-x86_64 0.1.1 19.00 NOTE
r-release-windows-x86_64 0.1.1 3.00 39.00 42.00 NOTE
r-oldrel-macos-arm64 0.1.1 15.00 NOTE
r-oldrel-macos-x86_64 0.1.1 18.00 NOTE
r-oldrel-windows-x86_64 0.1.1 2.00 43.00 45.00 NOTE

Check Details

Version: 0.1.1
Check: LazyData
Result: NOTE 'LazyData' is specified without a 'data' directory Flavors: r-patched-linux-x86_64, r-release-linux-x86_64, r-release-macos-arm64, r-release-macos-x86_64, r-release-windows-x86_64, r-oldrel-macos-arm64, r-oldrel-macos-x86_64, r-oldrel-windows-x86_64