Last updated on 2025-02-18 02:50:36 CET.
Flavor | Version | Tinstall | Tcheck | Ttotal | Status | Flags |
---|---|---|---|---|---|---|
r-devel-linux-x86_64-debian-clang | 1.0 | 60.14 | 62.14 | 122.28 | OK | |
r-devel-linux-x86_64-debian-gcc | 1.0 | 49.25 | 40.45 | 89.70 | OK | |
r-devel-linux-x86_64-fedora-clang | 1.0 | 224.62 | OK | |||
r-devel-linux-x86_64-fedora-gcc | 1.0 | 219.75 | OK | |||
r-devel-macos-arm64 | 1.0 | 54.00 | OK | |||
r-devel-macos-x86_64 | 1.0 | 99.00 | OK | |||
r-devel-windows-x86_64 | 1.0 | 62.00 | 104.00 | 166.00 | OK | |
r-patched-linux-x86_64 | 1.0 | 61.81 | 56.22 | 118.03 | OK | |
r-release-linux-x86_64 | 1.0 | 65.33 | 54.60 | 119.93 | OK | |
r-release-macos-arm64 | 1.0 | 59.00 | NOTE | |||
r-release-macos-x86_64 | 1.0 | 155.00 | NOTE | |||
r-release-windows-x86_64 | 1.0 | 67.00 | 107.00 | 174.00 | OK | |
r-oldrel-macos-arm64 | 1.0 | 57.00 | NOTE | |||
r-oldrel-macos-x86_64 | 1.0 | 137.00 | NOTE | |||
r-oldrel-windows-x86_64 | 1.0 | 81.00 | 110.00 | 191.00 | OK |
Version: 1.0
Check: installed package size
Result: NOTE
installed size is 7.8Mb
sub-directories of 1Mb or more:
libs 7.5Mb
Flavors: r-release-macos-arm64, r-release-macos-x86_64, r-oldrel-macos-arm64, r-oldrel-macos-x86_64