Last updated on 2025-02-21 02:52:11 CET.
Flavor | Version | Tinstall | Tcheck | Ttotal | Status | Flags |
---|---|---|---|---|---|---|
r-devel-linux-x86_64-debian-clang | 0.2.0 | 2.79 | 37.35 | 40.14 | NOTE | |
r-devel-linux-x86_64-debian-gcc | 0.2.0 | 2.23 | 27.74 | 29.97 | NOTE | |
r-devel-linux-x86_64-fedora-clang | 0.2.0 | 61.57 | NOTE | |||
r-devel-linux-x86_64-fedora-gcc | 0.2.0 | 72.83 | NOTE | |||
r-devel-macos-arm64 | 0.2.0 | 38.00 | OK | |||
r-devel-macos-x86_64 | 0.2.0 | 60.00 | NOTE | |||
r-devel-windows-x86_64 | 0.2.0 | 6.00 | 62.00 | 68.00 | NOTE | |
r-patched-linux-x86_64 | 0.2.0 | 3.30 | 35.72 | 39.02 | OK | |
r-release-linux-x86_64 | 0.2.0 | 2.90 | 36.05 | 38.95 | OK | |
r-release-macos-arm64 | 0.2.0 | 38.00 | OK | |||
r-release-macos-x86_64 | 0.2.0 | 62.00 | OK | |||
r-release-windows-x86_64 | 0.2.0 | 5.00 | 62.00 | 67.00 | OK | |
r-oldrel-macos-arm64 | 0.2.0 | 36.00 | OK | |||
r-oldrel-macos-x86_64 | 0.2.0 | 58.00 | OK | |||
r-oldrel-windows-x86_64 | 0.2.0 | 6.00 | 64.00 | 70.00 | OK |
Version: 0.2.0
Check: DESCRIPTION meta-information
Result: NOTE
Missing dependency on R >= 4.1.0 because package code uses the pipe
|> or function shorthand \(...) syntax added in R 4.1.0.
File(s) using such syntax:
‘flashcard.R’ ‘list_decks.R’
Flavors: r-devel-linux-x86_64-debian-clang, r-devel-linux-x86_64-debian-gcc, r-devel-linux-x86_64-fedora-clang, r-devel-linux-x86_64-fedora-gcc, r-devel-macos-x86_64, r-devel-windows-x86_64