CRAN Package Check Results for Package flexFitR

Last updated on 2025-02-21 02:52:11 CET.

Flavor Version Tinstall Tcheck Ttotal Status Flags
r-devel-linux-x86_64-debian-clang 1.0.0 11.67 264.67 276.34 NOTE
r-devel-linux-x86_64-debian-gcc 1.0.0 6.39 186.19 192.58 NOTE
r-devel-linux-x86_64-fedora-clang 1.0.0 430.89 NOTE
r-devel-linux-x86_64-fedora-gcc 1.0.0 408.08 NOTE
r-devel-macos-arm64 1.0.0 127.00 OK
r-devel-macos-x86_64 1.0.0 225.00 NOTE
r-devel-windows-x86_64 1.0.0 11.00 231.00 242.00 NOTE
r-patched-linux-x86_64 1.0.0 11.28 242.43 253.71 OK
r-release-linux-x86_64 1.0.0 9.71 243.28 252.99 OK
r-release-macos-arm64 1.0.0 112.00 OK
r-release-macos-x86_64 1.0.0 211.00 OK
r-release-windows-x86_64 1.0.0 12.00 234.00 246.00 OK
r-oldrel-macos-x86_64 1.0.0 206.00 OK
r-oldrel-windows-x86_64 1.0.0 16.00 280.00 296.00 OK

Check Details

Version: 1.0.0
Check: DESCRIPTION meta-information
Result: NOTE Missing dependency on R >= 4.1.0 because package code uses the pipe |> or function shorthand \(...) syntax added in R 4.1.0. File(s) using such syntax: ‘01_read.R’ ‘02_modeler.R’ ‘03_metrics.R’ ‘04_predict.R’ ‘05_coefficients.R’ ‘07_confint.R’ ‘08_comparison.R’ ‘09_transforming.R’ ‘utils_S3_plots.R’ ‘utils_S3_print.R’ Flavors: r-devel-linux-x86_64-debian-clang, r-devel-linux-x86_64-debian-gcc, r-devel-linux-x86_64-fedora-clang, r-devel-linux-x86_64-fedora-gcc, r-devel-macos-x86_64, r-devel-windows-x86_64