Last updated on 2025-05-18 02:49:36 CEST.
Flavor | Version | Tinstall | Tcheck | Ttotal | Status | Flags |
---|---|---|---|---|---|---|
r-devel-linux-x86_64-debian-clang | 0.9.7 | 17.43 | 258.90 | 276.33 | NOTE | |
r-devel-linux-x86_64-debian-gcc | 0.9.7 | 11.78 | 162.52 | 174.30 | NOTE | |
r-devel-linux-x86_64-fedora-clang | 0.9.7 | 430.86 | NOTE | |||
r-devel-linux-x86_64-fedora-gcc | 0.9.7 | 428.78 | NOTE | |||
r-devel-windows-x86_64 | 0.9.7 | 23.00 | 287.00 | 310.00 | NOTE | |
r-patched-linux-x86_64 | 0.9.7 | 25.50 | 237.93 | 263.43 | NOTE | |
r-release-linux-x86_64 | 0.9.7 | 19.43 | 236.75 | 256.18 | NOTE | |
r-release-macos-arm64 | 0.9.7 | 133.00 | NOTE | |||
r-release-macos-x86_64 | 0.9.7 | 266.00 | NOTE | |||
r-release-windows-x86_64 | 0.9.7 | 22.00 | 284.00 | 306.00 | NOTE | |
r-oldrel-macos-arm64 | 0.9.7 | 110.00 | OK | |||
r-oldrel-macos-x86_64 | 0.9.7 | 206.00 | OK | |||
r-oldrel-windows-x86_64 | 0.9.7 | 31.00 | 371.00 | 402.00 | OK |
Version: 0.9.7
Check: DESCRIPTION meta-information
Result: NOTE
Missing dependency on R >= 4.1.0 because package code uses the pipe
|> or function shorthand \(...) syntax added in R 4.1.0.
File(s) using such syntax:
‘gen_grob.Rd’ ‘paginate.Rd’ ‘tab_settings.Rd’
Flavors: r-devel-linux-x86_64-debian-clang, r-devel-linux-x86_64-debian-gcc, r-devel-linux-x86_64-fedora-clang, r-devel-linux-x86_64-fedora-gcc, r-devel-windows-x86_64, r-patched-linux-x86_64, r-release-linux-x86_64, r-release-macos-arm64, r-release-macos-x86_64, r-release-windows-x86_64