Last updated on 2025-05-18 02:49:36 CEST.
Flavor | Version | Tinstall | Tcheck | Ttotal | Status | Flags |
---|---|---|---|---|---|---|
r-devel-linux-x86_64-debian-clang | 1.0.0 | 3.34 | 37.78 | 41.12 | NOTE | |
r-devel-linux-x86_64-debian-gcc | 1.0.0 | 2.33 | 28.84 | 31.17 | NOTE | |
r-devel-linux-x86_64-fedora-clang | 1.0.0 | 64.52 | NOTE | |||
r-devel-linux-x86_64-fedora-gcc | 1.0.0 | 72.23 | NOTE | |||
r-devel-windows-x86_64 | 1.0.0 | 5.00 | 62.00 | 67.00 | NOTE | |
r-patched-linux-x86_64 | 1.0.0 | 3.52 | 34.02 | 37.54 | NOTE | |
r-release-linux-x86_64 | 1.0.0 | 3.09 | 34.15 | 37.24 | NOTE | |
r-release-macos-arm64 | 1.0.0 | 33.00 | NOTE | |||
r-release-macos-x86_64 | 1.0.0 | 78.00 | NOTE | |||
r-release-windows-x86_64 | 1.0.0 | 6.00 | 70.00 | 76.00 | NOTE | |
r-oldrel-macos-arm64 | 1.0.0 | 35.00 | OK | |||
r-oldrel-macos-x86_64 | 1.0.0 | 49.00 | OK | |||
r-oldrel-windows-x86_64 | 1.0.0 | 6.00 | 69.00 | 75.00 | OK |
Version: 1.0.0
Check: DESCRIPTION meta-information
Result: NOTE
Missing dependency on R >= 4.1.0 because package code uses the pipe
|> or function shorthand \(...) syntax added in R 4.1.0.
File(s) using such syntax:
‘utils.R’ ‘utils_aircrafts.R’ ‘utils_airfares.R’
‘utils_airport_movement.R’
Flavors: r-devel-linux-x86_64-debian-clang, r-devel-linux-x86_64-debian-gcc, r-devel-linux-x86_64-fedora-clang, r-devel-linux-x86_64-fedora-gcc, r-devel-windows-x86_64, r-patched-linux-x86_64, r-release-linux-x86_64, r-release-macos-arm64, r-release-macos-x86_64, r-release-windows-x86_64