Last updated on 2025-02-21 02:52:11 CET.
Flavor | Version | Tinstall | Tcheck | Ttotal | Status | Flags |
---|---|---|---|---|---|---|
r-devel-linux-x86_64-debian-clang | 1.0.0 | 3.34 | 35.65 | 38.99 | NOTE | |
r-devel-linux-x86_64-debian-gcc | 1.0.0 | 2.26 | 27.01 | 29.27 | NOTE | |
r-devel-linux-x86_64-fedora-clang | 1.0.0 | 62.41 | NOTE | |||
r-devel-linux-x86_64-fedora-gcc | 1.0.0 | 72.05 | NOTE | |||
r-devel-macos-arm64 | 1.0.0 | 38.00 | OK | |||
r-devel-macos-x86_64 | 1.0.0 | 78.00 | NOTE | |||
r-devel-windows-x86_64 | 1.0.0 | 5.00 | 71.00 | 76.00 | NOTE | |
r-patched-linux-x86_64 | 1.0.0 | 3.52 | 33.35 | 36.87 | OK | |
r-release-linux-x86_64 | 1.0.0 | 3.01 | 33.49 | 36.50 | OK | |
r-release-macos-arm64 | 1.0.0 | 35.00 | OK | |||
r-release-macos-x86_64 | 1.0.0 | 49.00 | OK | |||
r-release-windows-x86_64 | 1.0.0 | 7.00 | 63.00 | 70.00 | OK | |
r-oldrel-macos-arm64 | 1.0.0 | 36.00 | OK | |||
r-oldrel-macos-x86_64 | 1.0.0 | 50.00 | OK | |||
r-oldrel-windows-x86_64 | 1.0.0 | 6.00 | 75.00 | 81.00 | OK |
Version: 1.0.0
Check: DESCRIPTION meta-information
Result: NOTE
Missing dependency on R >= 4.1.0 because package code uses the pipe
|> or function shorthand \(...) syntax added in R 4.1.0.
File(s) using such syntax:
‘utils.R’ ‘utils_aircrafts.R’ ‘utils_airfares.R’
‘utils_airport_movement.R’
Flavors: r-devel-linux-x86_64-debian-clang, r-devel-linux-x86_64-debian-gcc, r-devel-linux-x86_64-fedora-clang, r-devel-linux-x86_64-fedora-gcc, r-devel-macos-x86_64, r-devel-windows-x86_64