CRAN Package Check Results for Package flipdownr

Last updated on 2025-05-17 14:50:11 CEST.

Flavor Version Tinstall Tcheck Ttotal Status Flags
r-devel-linux-x86_64-debian-clang 0.1.1 1.64 17.80 19.44 OK
r-devel-linux-x86_64-debian-gcc 0.1.1 1.43 14.90 16.33 OK
r-devel-linux-x86_64-fedora-clang 0.1.1 28.92 OK
r-devel-linux-x86_64-fedora-gcc 0.1.1 27.16 OK
r-devel-windows-x86_64 0.1.1 3.00 38.00 41.00 OK
r-patched-linux-x86_64 0.1.1 1.70 16.00 17.70 OK
r-release-linux-x86_64 0.1.1 1.47 15.89 17.36 OK
r-release-macos-arm64 0.1.1 18.00 OK
r-release-macos-x86_64 0.1.1 28.00 OK
r-release-windows-x86_64 0.1.1 3.00 37.00 40.00 OK
r-oldrel-macos-arm64 0.1.1 14.00 NOTE
r-oldrel-macos-x86_64 0.1.1 20.00 NOTE
r-oldrel-windows-x86_64 0.1.1 3.00 41.00 44.00 NOTE

Check Details

Version: 0.1.1
Check: LazyData
Result: NOTE 'LazyData' is specified without a 'data' directory Flavors: r-oldrel-macos-arm64, r-oldrel-macos-x86_64, r-oldrel-windows-x86_64