Last updated on 2025-02-16 14:50:31 CET.
Flavor | Version | Tinstall | Tcheck | Ttotal | Status | Flags |
---|---|---|---|---|---|---|
r-devel-linux-x86_64-debian-clang | 0.3-2 | 20.64 | 71.92 | 92.56 | NOTE | |
r-devel-linux-x86_64-debian-gcc | 0.3-2 | 16.01 | 52.99 | 69.00 | NOTE | |
r-devel-linux-x86_64-fedora-clang | 0.3-2 | 151.59 | NOTE | |||
r-devel-linux-x86_64-fedora-gcc | 0.3-2 | 155.92 | NOTE | |||
r-devel-macos-arm64 | 0.3-2 | 54.00 | OK | |||
r-devel-macos-x86_64 | 0.3-2 | 114.00 | OK | |||
r-devel-windows-x86_64 | 0.3-2 | 35.00 | 112.00 | 147.00 | OK | |
r-patched-linux-x86_64 | 0.3-2 | 19.37 | 67.76 | 87.13 | OK | |
r-release-linux-x86_64 | 0.3-2 | 19.98 | 67.06 | 87.04 | OK | |
r-release-macos-arm64 | 0.3-2 | 58.00 | OK | |||
r-release-macos-x86_64 | 0.3-2 | 107.00 | OK | |||
r-release-windows-x86_64 | 0.3-2 | 36.00 | 112.00 | 148.00 | OK | |
r-oldrel-macos-arm64 | 0.3-2 | 68.00 | OK | |||
r-oldrel-macos-x86_64 | 0.3-2 | 154.00 | OK | |||
r-oldrel-windows-x86_64 | 0.3-2 | 40.00 | 127.00 | 167.00 | OK |
Version: 0.3-2
Check: top-level files
Result: NOTE
possible bashism in configure.ac line 90 (test -a/-o):
if test "X${echo_ok}" = "Xyes" -a "X${grep_ok}" = "Xyes"; then
possible bashism in configure.ac line 112 (test -a/-o):
if test "X${HAVE_SP_LAPACK}" = "X" -o "X${HAVE_SP_LAPACK}" = "Xno"; then
possible bashism in configure.ac line 113 (test -a/-o):
if test "X${echo_ok}" = "Xyes" -a "X${grep_ok}" = "Xyes"; then
Flavors: r-devel-linux-x86_64-debian-clang, r-devel-linux-x86_64-debian-gcc, r-devel-linux-x86_64-fedora-clang, r-devel-linux-x86_64-fedora-gcc