Last updated on 2025-02-20 14:50:52 CET.
Flavor | Version | Tinstall | Tcheck | Ttotal | Status | Flags |
---|---|---|---|---|---|---|
r-devel-linux-x86_64-debian-clang | 0.1.3 | 6.14 | 42.92 | 49.06 | NOTE | |
r-devel-linux-x86_64-debian-gcc | 0.1.3 | 3.98 | 31.03 | 35.01 | NOTE | |
r-devel-linux-x86_64-fedora-clang | 0.1.3 | 75.74 | NOTE | |||
r-devel-linux-x86_64-fedora-gcc | 0.1.3 | 69.68 | NOTE | |||
r-devel-macos-arm64 | 0.1.3 | 32.00 | OK | |||
r-devel-macos-x86_64 | 0.1.3 | 55.00 | NOTE | |||
r-devel-windows-x86_64 | 0.1.3 | 8.00 | 66.00 | 74.00 | NOTE | |
r-patched-linux-x86_64 | 0.1.3 | 5.75 | 39.06 | 44.81 | OK | |
r-release-linux-x86_64 | 0.1.3 | 5.07 | 39.24 | 44.31 | OK | |
r-release-macos-arm64 | 0.1.3 | 194.00 | OK | |||
r-release-macos-x86_64 | 0.1.3 | 212.00 | OK | |||
r-release-windows-x86_64 | 0.1.3 | 7.00 | 57.00 | 64.00 | OK | |
r-oldrel-macos-arm64 | 0.1.3 | 198.00 | OK | |||
r-oldrel-macos-x86_64 | 0.1.3 | 212.00 | OK | |||
r-oldrel-windows-x86_64 | 0.1.3 | 9.00 | 64.00 | 73.00 | OK |
Version: 0.1.3
Check: DESCRIPTION meta-information
Result: NOTE
Missing dependency on R >= 4.1.0 because package code uses the pipe
|> or function shorthand \(...) syntax added in R 4.1.0.
File(s) using such syntax:
‘add_flowmap.R’ ‘hca_flowdat.R’
Flavors: r-devel-linux-x86_64-debian-clang, r-devel-linux-x86_64-debian-gcc, r-devel-linux-x86_64-fedora-clang, r-devel-linux-x86_64-fedora-gcc, r-devel-macos-x86_64, r-devel-windows-x86_64