Last updated on 2025-02-20 14:50:52 CET.
Flavor | Version | Tinstall | Tcheck | Ttotal | Status | Flags |
---|---|---|---|---|---|---|
r-devel-linux-x86_64-debian-clang | 0.1.3 | 16.28 | 51.42 | 67.70 | OK | |
r-devel-linux-x86_64-debian-gcc | 0.1.3 | 11.27 | 36.51 | 47.78 | OK | |
r-devel-linux-x86_64-fedora-clang | 0.1.3 | 120.47 | NOTE | |||
r-devel-linux-x86_64-fedora-gcc | 0.1.3 | 120.78 | NOTE | |||
r-devel-macos-arm64 | 0.1.3 | 43.00 | OK | |||
r-devel-macos-x86_64 | 0.1.3 | 103.00 | OK | |||
r-devel-windows-x86_64 | 0.1.3 | 19.00 | 81.00 | 100.00 | OK | |
r-patched-linux-x86_64 | 0.1.3 | 14.31 | 48.46 | 62.77 | OK | |
r-release-linux-x86_64 | 0.1.3 | 15.59 | 48.19 | 63.78 | OK | |
r-release-macos-arm64 | 0.1.3 | 35.00 | OK | |||
r-release-macos-x86_64 | 0.1.3 | 64.00 | OK | |||
r-release-windows-x86_64 | 0.1.3 | 20.00 | 83.00 | 103.00 | OK | |
r-oldrel-macos-arm64 | 0.1.3 | 42.00 | OK | |||
r-oldrel-macos-x86_64 | 0.1.3 | 68.00 | OK | |||
r-oldrel-windows-x86_64 | 0.1.3 | 24.00 | 96.00 | 120.00 | OK |
Version: 0.1.3
Check: dependencies in R code
Result: NOTE
Namespaces in Imports field not imported from:
‘kableExtra’ ‘knitr’ ‘rmarkdown’
All declared Imports should be used.
Flavors: r-devel-linux-x86_64-fedora-clang, r-devel-linux-x86_64-fedora-gcc