Last updated on 2024-05-21 14:57:11 CEST.
Flavor | Version | Tinstall | Tcheck | Ttotal | Status | Flags |
---|---|---|---|---|---|---|
r-devel-linux-x86_64-debian-clang | 0.1.0 | 2.55 | 9.82 | 12.37 | NOTE | |
r-devel-linux-x86_64-debian-gcc | 0.1.0 | 1.09 | 7.70 | 8.79 | NOTE | |
r-devel-linux-x86_64-fedora-clang | 0.1.0 | 15.09 | NOTE | |||
r-devel-linux-x86_64-fedora-gcc | 0.1.0 | 14.53 | NOTE | |||
r-devel-windows-x86_64 | 0.1.0 | 3.00 | 19.00 | 22.00 | NOTE | |
r-patched-linux-x86_64 | 0.1.0 | 2.80 | 9.76 | 12.56 | NOTE | |
r-release-linux-x86_64 | 0.1.0 | 2.54 | 9.73 | 12.27 | NOTE | |
r-release-macos-arm64 | 0.1.0 | 9.00 | NOTE | |||
r-release-windows-x86_64 | 0.1.0 | 3.00 | 19.00 | 22.00 | NOTE | |
r-oldrel-macos-arm64 | 0.1.0 | 11.00 | NOTE | |||
r-oldrel-macos-x86_64 | 0.1.0 | 12.00 | NOTE | |||
r-oldrel-windows-x86_64 | 0.1.0 | 2.00 | 18.00 | 20.00 | NOTE |
Version: 0.1.0
Check: LazyData
Result: NOTE
'LazyData' is specified without a 'data' directory
Flavors: r-devel-linux-x86_64-debian-clang, r-devel-linux-x86_64-debian-gcc, r-devel-linux-x86_64-fedora-clang, r-devel-linux-x86_64-fedora-gcc, r-devel-windows-x86_64, r-patched-linux-x86_64, r-release-linux-x86_64, r-release-macos-arm64, r-release-windows-x86_64, r-oldrel-macos-arm64, r-oldrel-macos-x86_64, r-oldrel-windows-x86_64
Version: 0.1.0
Check: installed package size
Result: NOTE
installed size is 6.2Mb
sub-directories of 1Mb or more:
fonts 6.1Mb
Flavors: r-devel-linux-x86_64-fedora-clang, r-devel-windows-x86_64, r-release-macos-arm64, r-release-windows-x86_64, r-oldrel-macos-arm64, r-oldrel-macos-x86_64, r-oldrel-windows-x86_64