Last updated on 2025-02-21 02:52:11 CET.
Flavor | Version | Tinstall | Tcheck | Ttotal | Status | Flags |
---|---|---|---|---|---|---|
r-devel-linux-x86_64-debian-clang | 8.23.0 | 90.42 | 312.39 | 402.81 | OK | |
r-devel-linux-x86_64-debian-gcc | 8.23.0 | 61.84 | 196.89 | 258.73 | OK | |
r-devel-linux-x86_64-fedora-clang | 8.23.0 | 678.84 | OK | |||
r-devel-linux-x86_64-fedora-gcc | 8.23.0 | 651.86 | OK | |||
r-devel-macos-arm64 | 8.23.0 | 182.00 | OK | |||
r-devel-macos-x86_64 | 8.23.0 | 322.00 | OK | |||
r-devel-windows-x86_64 | 8.23.0 | 94.00 | 356.00 | 450.00 | OK | |
r-patched-linux-x86_64 | 8.23.0 | 84.18 | 288.49 | 372.67 | OK | |
r-release-linux-x86_64 | 8.23.0 | 84.44 | 290.42 | 374.86 | OK | |
r-release-macos-arm64 | 8.23.0 | 160.00 | NOTE | |||
r-release-macos-x86_64 | 8.23.0 | 423.00 | NOTE | |||
r-release-windows-x86_64 | 8.23.0 | 100.00 | 352.00 | 452.00 | OK | |
r-oldrel-macos-arm64 | 8.23.0 | 165.00 | OK | |||
r-oldrel-macos-x86_64 | 8.23.0 | 347.00 | NOTE | |||
r-oldrel-windows-x86_64 | 8.23.0 | 116.00 | 419.00 | 535.00 | OK |
Version: 8.23.0
Check: installed package size
Result: NOTE
installed size is 5.0Mb
sub-directories of 1Mb or more:
libs 3.4Mb
Flavors: r-release-macos-arm64, r-release-macos-x86_64, r-oldrel-macos-x86_64