CRAN Package Check Results for Package forecastLSW

Last updated on 2025-02-18 02:50:36 CET.

Flavor Version Tinstall Tcheck Ttotal Status Flags
r-devel-linux-x86_64-debian-clang 1.0 7.75 68.21 75.96 NOTE
r-devel-linux-x86_64-debian-gcc 1.0 5.21 47.69 52.90 NOTE
r-devel-linux-x86_64-fedora-clang 1.0 128.04 OK
r-devel-linux-x86_64-fedora-gcc 1.0 111.71 OK
r-devel-macos-arm64 1.0 42.00 OK
r-devel-macos-x86_64 1.0 74.00 OK
r-devel-windows-x86_64 1.0 10.00 88.00 98.00 NOTE
r-patched-linux-x86_64 1.0 11.58 64.87 76.45 OK
r-release-linux-x86_64 1.0 6.95 63.69 70.64 OK
r-release-macos-arm64 1.0 34.00 OK
r-release-macos-x86_64 1.0 54.00 OK
r-release-windows-x86_64 1.0 11.00 85.00 96.00 OK
r-oldrel-macos-arm64 1.0 37.00 OK
r-oldrel-macos-x86_64 1.0 66.00 OK
r-oldrel-windows-x86_64 1.0 12.00 89.00 101.00 OK

Check Details

Version: 1.0
Check: Rd cross-references
Result: NOTE Found the following Rd file(s) with Rd \link{} targets missing package anchors: analyze.windanomaly.Rd: lpacf.plot forecastlpacf.Rd: lpacf Please provide package anchors for all Rd \link{} targets not in the package itself and the base packages. Flavors: r-devel-linux-x86_64-debian-clang, r-devel-linux-x86_64-debian-gcc, r-devel-windows-x86_64