Last updated on 2025-02-21 02:52:11 CET.
Flavor | Version | Tinstall | Tcheck | Ttotal | Status | Flags |
---|---|---|---|---|---|---|
r-devel-linux-x86_64-debian-clang | 1.0.0 | 5.21 | 39.44 | 44.65 | OK | |
r-devel-linux-x86_64-debian-gcc | 1.0.0 | 3.53 | 28.45 | 31.98 | OK | |
r-devel-linux-x86_64-fedora-clang | 1.0.0 | 67.31 | NOTE | |||
r-devel-linux-x86_64-fedora-gcc | 1.0.0 | 64.65 | NOTE | |||
r-devel-macos-arm64 | 1.0.0 | 25.00 | OK | |||
r-devel-macos-x86_64 | 1.0.0 | 45.00 | OK | |||
r-devel-windows-x86_64 | 1.0.0 | 7.00 | 58.00 | 65.00 | OK | |
r-patched-linux-x86_64 | 1.0.0 | 4.86 | 36.12 | 40.98 | OK | |
r-release-linux-x86_64 | 1.0.0 | 4.76 | 36.66 | 41.42 | OK | |
r-release-macos-arm64 | 1.0.0 | 25.00 | OK | |||
r-release-macos-x86_64 | 1.0.0 | 38.00 | OK | |||
r-release-windows-x86_64 | 1.0.0 | 6.00 | 56.00 | 62.00 | OK | |
r-oldrel-macos-arm64 | 1.0.0 | 30.00 | OK | |||
r-oldrel-macos-x86_64 | 1.0.0 | 52.00 | OK | |||
r-oldrel-windows-x86_64 | 1.0.0 | 7.00 | 66.00 | 73.00 | OK |
Version: 1.0.0
Check: dependencies in R code
Result: NOTE
Namespaces in Imports field not imported from:
‘dplyr’ ‘forrel’ ‘pedtools’ ‘plotly’
All declared Imports should be used.
Flavors: r-devel-linux-x86_64-fedora-clang, r-devel-linux-x86_64-fedora-gcc