Last updated on 2025-02-18 02:50:36 CET.
Flavor | Version | Tinstall | Tcheck | Ttotal | Status | Flags |
---|---|---|---|---|---|---|
r-devel-linux-x86_64-debian-clang | 2.0.4 | 2.58 | 36.83 | 39.41 | OK | |
r-devel-linux-x86_64-debian-gcc | 2.0.4 | 2.12 | 25.57 | 27.69 | OK | |
r-devel-linux-x86_64-fedora-clang | 2.0.4 | 65.78 | NOTE | |||
r-devel-linux-x86_64-fedora-gcc | 2.0.4 | 57.97 | NOTE | |||
r-devel-macos-arm64 | 2.0.4 | 22.00 | OK | |||
r-devel-macos-x86_64 | 2.0.4 | 60.00 | OK | |||
r-devel-windows-x86_64 | 2.0.4 | 4.00 | 61.00 | 65.00 | OK | |
r-patched-linux-x86_64 | 2.0.4 | 3.33 | 34.16 | 37.49 | OK | |
r-release-linux-x86_64 | 2.0.4 | 2.54 | 33.59 | 36.13 | OK | |
r-release-macos-arm64 | 2.0.4 | 23.00 | OK | |||
r-release-macos-x86_64 | 2.0.4 | 35.00 | OK | |||
r-release-windows-x86_64 | 2.0.4 | 4.00 | 66.00 | 70.00 | OK | |
r-oldrel-macos-arm64 | 2.0.4 | 28.00 | OK | |||
r-oldrel-macos-x86_64 | 2.0.4 | 40.00 | OK | |||
r-oldrel-windows-x86_64 | 2.0.4 | 5.00 | 63.00 | 68.00 | OK |
Version: 2.0.4
Check: dependencies in R code
Result: NOTE
Namespaces in Imports field not imported from:
‘spatstat’ ‘spatstat.data’
All declared Imports should be used.
Flavors: r-devel-linux-x86_64-fedora-clang, r-devel-linux-x86_64-fedora-gcc