CRAN Package Check Results for Package formula.tools

Last updated on 2025-02-21 02:52:11 CET.

Flavor Version Tinstall Tcheck Ttotal Status Flags
r-devel-linux-x86_64-debian-clang 1.7.1 3.10 25.43 28.53 OK
r-devel-linux-x86_64-debian-gcc 1.7.1 2.12 19.52 21.64 OK
r-devel-linux-x86_64-fedora-clang 1.7.1 44.84 OK
r-devel-linux-x86_64-fedora-gcc 1.7.1 42.95 OK
r-devel-macos-arm64 1.7.1 20.00 OK
r-devel-macos-x86_64 1.7.1 33.00 OK
r-devel-windows-x86_64 1.7.1 5.00 49.00 54.00 OK
r-patched-linux-x86_64 1.7.1 3.40 23.74 27.14 NOTE
r-release-linux-x86_64 1.7.1 2.75 24.01 26.76 NOTE
r-release-macos-arm64 1.7.1 18.00 NOTE
r-release-macos-x86_64 1.7.1 28.00 NOTE
r-release-windows-x86_64 1.7.1 5.00 46.00 51.00 NOTE
r-oldrel-macos-arm64 1.7.1 22.00 NOTE
r-oldrel-macos-x86_64 1.7.1 26.00 NOTE
r-oldrel-windows-x86_64 1.7.1 5.00 50.00 55.00 NOTE

Check Details

Version: 1.7.1
Check: LazyData
Result: NOTE 'LazyData' is specified without a 'data' directory Flavors: r-patched-linux-x86_64, r-release-linux-x86_64, r-release-macos-arm64, r-release-macos-x86_64, r-release-windows-x86_64, r-oldrel-macos-arm64, r-oldrel-macos-x86_64, r-oldrel-windows-x86_64