Last updated on 2025-02-21 02:52:11 CET.
Flavor | Version | Tinstall | Tcheck | Ttotal | Status | Flags |
---|---|---|---|---|---|---|
r-devel-linux-x86_64-debian-clang | 1.0.0 | 3.98 | 41.22 | 45.20 | NOTE | |
r-devel-linux-x86_64-debian-gcc | 1.0.0 | 3.04 | 30.22 | 33.26 | NOTE | |
r-devel-linux-x86_64-fedora-clang | 1.0.0 | 72.24 | NOTE | |||
r-devel-linux-x86_64-fedora-gcc | 1.0.0 | 80.96 | NOTE | |||
r-devel-macos-arm64 | 1.0.0 | 32.00 | OK | |||
r-devel-macos-x86_64 | 1.0.0 | 55.00 | NOTE | |||
r-devel-windows-x86_64 | 1.0.0 | 7.00 | 66.00 | 73.00 | NOTE | |
r-patched-linux-x86_64 | 1.0.0 | 3.47 | 37.99 | 41.46 | OK | |
r-release-linux-x86_64 | 1.0.0 | 3.39 | 37.98 | 41.37 | OK | |
r-release-macos-arm64 | 1.0.0 | 29.00 | OK | |||
r-release-macos-x86_64 | 1.0.0 | 46.00 | OK | |||
r-release-windows-x86_64 | 1.0.0 | 7.00 | 61.00 | 68.00 | OK | |
r-oldrel-macos-arm64 | 1.0.0 | 31.00 | OK | |||
r-oldrel-macos-x86_64 | 1.0.0 | 55.00 | OK | |||
r-oldrel-windows-x86_64 | 1.0.0 | 7.00 | 63.00 | 70.00 | OK |
Version: 1.0.0
Check: DESCRIPTION meta-information
Result: NOTE
Missing dependency on R >= 4.1.0 because package code uses the pipe
|> or function shorthand \(...) syntax added in R 4.1.0.
File(s) using such syntax:
‘str_extract_part.R’
Flavors: r-devel-linux-x86_64-debian-clang, r-devel-linux-x86_64-debian-gcc, r-devel-linux-x86_64-fedora-clang, r-devel-linux-x86_64-fedora-gcc, r-devel-macos-x86_64, r-devel-windows-x86_64