Last updated on 2025-02-20 14:50:52 CET.
Flavor | Version | Tinstall | Tcheck | Ttotal | Status | Flags |
---|---|---|---|---|---|---|
r-devel-linux-x86_64-debian-clang | 1.1.0 | 24.38 | 53.59 | 77.97 | NOTE | |
r-devel-linux-x86_64-debian-gcc | 1.1.0 | 13.74 | 36.74 | 50.48 | NOTE | |
r-devel-linux-x86_64-fedora-clang | 1.1.0 | 129.84 | NOTE | |||
r-devel-linux-x86_64-fedora-gcc | 1.1.0 | 126.05 | NOTE | |||
r-devel-macos-arm64 | 1.1.0 | 42.00 | NOTE | |||
r-devel-macos-x86_64 | 1.1.0 | 85.00 | NOTE | |||
r-devel-windows-x86_64 | 1.1.0 | 25.00 | 83.00 | 108.00 | NOTE | |
r-patched-linux-x86_64 | 1.1.0 | 18.38 | 49.19 | 67.57 | NOTE | |
r-release-linux-x86_64 | 1.1.0 | 18.44 | 49.89 | 68.33 | NOTE | |
r-release-macos-arm64 | 1.1.0 | 41.00 | NOTE | |||
r-release-macos-x86_64 | 1.1.0 | 61.00 | NOTE | |||
r-release-windows-x86_64 | 1.1.0 | 24.00 | 83.00 | 107.00 | NOTE | |
r-oldrel-macos-arm64 | 1.1.0 | 43.00 | OK | |||
r-oldrel-macos-x86_64 | 1.1.0 | 114.00 | OK | |||
r-oldrel-windows-x86_64 | 1.1.0 | 33.00 | 92.00 | 125.00 | OK |
Version: 1.1.0
Check: Rd files
Result: NOTE
checkRd: (-1) plot_lines.Rd:66: Lost braces
66 | moderator. By default it is equal to \8code{c(19, 17, 15, 8, 5, 4, 3, 1)}.}
| ^
Flavors: r-devel-linux-x86_64-debian-clang, r-devel-linux-x86_64-debian-gcc, r-devel-linux-x86_64-fedora-clang, r-devel-linux-x86_64-fedora-gcc, r-devel-macos-arm64, r-devel-macos-x86_64, r-devel-windows-x86_64, r-patched-linux-x86_64, r-release-linux-x86_64, r-release-macos-arm64, r-release-macos-x86_64, r-release-windows-x86_64