Last updated on 2025-02-20 14:50:52 CET.
Flavor | Version | Tinstall | Tcheck | Ttotal | Status | Flags |
---|---|---|---|---|---|---|
r-devel-linux-x86_64-debian-clang | 2.5 | 7.30 | 69.52 | 76.82 | OK | |
r-devel-linux-x86_64-debian-gcc | 2.5 | 4.67 | 48.34 | 53.01 | OK | |
r-devel-linux-x86_64-fedora-clang | 2.5 | 116.49 | OK | |||
r-devel-linux-x86_64-fedora-gcc | 2.5 | 111.56 | OK | |||
r-devel-macos-arm64 | 2.5 | 36.00 | OK | |||
r-devel-macos-x86_64 | 2.5 | 67.00 | OK | |||
r-devel-windows-x86_64 | 2.5 | 8.00 | 86.00 | 94.00 | OK | |
r-patched-linux-x86_64 | 2.5 | 6.53 | 63.84 | 70.37 | OK | |
r-release-linux-x86_64 | 2.5 | 6.72 | 63.59 | 70.31 | OK | |
r-release-macos-arm64 | 2.5 | 33.00 | OK | |||
r-release-macos-x86_64 | 2.5 | 55.00 | OK | |||
r-release-windows-x86_64 | 2.5 | 10.00 | 87.00 | 97.00 | OK | |
r-oldrel-macos-arm64 | 2.5 | 39.00 | OK | |||
r-oldrel-macos-x86_64 | 2.5 | 56.00 | NOTE | |||
r-oldrel-windows-x86_64 | 2.5 | 12.00 | 100.00 | 112.00 | OK |
Version: 2.5
Check: package dependencies
Result: NOTE
Package suggested but not available for checking: ‘Mcomp’
Flavor: r-oldrel-macos-x86_64