Last updated on 2025-02-21 02:52:11 CET.
Flavor | Version | Tinstall | Tcheck | Ttotal | Status | Flags |
---|---|---|---|---|---|---|
r-devel-linux-x86_64-debian-clang | 1.0.1 | 24.67 | 115.36 | 140.03 | NOTE | |
r-devel-linux-x86_64-debian-gcc | 1.0.1 | 17.14 | 80.28 | 97.42 | NOTE | |
r-devel-linux-x86_64-fedora-clang | 1.0.1 | 229.70 | NOTE | |||
r-devel-linux-x86_64-fedora-gcc | 1.0.1 | 235.51 | NOTE | |||
r-devel-macos-arm64 | 1.0.1 | 66.00 | NOTE | |||
r-devel-macos-x86_64 | 1.0.1 | 137.00 | NOTE | |||
r-devel-windows-x86_64 | 1.0.1 | 27.00 | 162.00 | 189.00 | NOTE | |
r-patched-linux-x86_64 | 1.0.1 | 22.22 | 108.49 | 130.71 | NOTE | |
r-release-linux-x86_64 | 1.0.1 | 20.74 | 107.17 | 127.91 | NOTE | |
r-release-macos-arm64 | 1.0.1 | 62.00 | NOTE | |||
r-release-macos-x86_64 | 1.0.1 | 107.00 | NOTE | |||
r-release-windows-x86_64 | 1.0.1 | 27.00 | 158.00 | 185.00 | NOTE | |
r-oldrel-macos-arm64 | 1.0.1 | 78.00 | NOTE | |||
r-oldrel-macos-x86_64 | 1.0.1 | 122.00 | NOTE | |||
r-oldrel-windows-x86_64 | 1.0.1 | 34.00 | 196.00 | 230.00 | NOTE |
Version: 1.0.1
Check: Rd files
Result: NOTE
checkRd: (-1) emfrail_control.Rd:49: Lost braces in \itemize; meant \describe ?
checkRd: (-1) emfrail_control.Rd:50: Lost braces in \itemize; meant \describe ?
checkRd: (-1) emfrail_control.Rd:51: Lost braces in \itemize; meant \describe ?
checkRd: (-1) emfrail_control.Rd:52: Lost braces in \itemize; meant \describe ?
checkRd: (-1) emfrail_control.Rd:53-54: Lost braces in \itemize; meant \describe ?
checkRd: (-1) emfrail_control.Rd:55-57: Lost braces in \itemize; meant \describe ?
Flavors: r-devel-linux-x86_64-debian-clang, r-devel-linux-x86_64-debian-gcc, r-devel-linux-x86_64-fedora-clang, r-devel-linux-x86_64-fedora-gcc, r-devel-macos-arm64, r-devel-macos-x86_64, r-devel-windows-x86_64, r-patched-linux-x86_64, r-release-linux-x86_64, r-release-macos-arm64, r-release-macos-x86_64, r-release-windows-x86_64
Version: 1.0.1
Check: LazyData
Result: NOTE
'LazyData' is specified without a 'data' directory
Flavors: r-patched-linux-x86_64, r-release-linux-x86_64, r-release-macos-arm64, r-release-macos-x86_64, r-release-windows-x86_64, r-oldrel-macos-arm64, r-oldrel-macos-x86_64, r-oldrel-windows-x86_64