Last updated on 2025-02-18 02:50:36 CET.
Flavor | Version | Tinstall | Tcheck | Ttotal | Status | Flags |
---|---|---|---|---|---|---|
r-devel-linux-x86_64-debian-clang | 0.9.4.4 | 14.97 | 120.22 | 135.19 | OK | |
r-devel-linux-x86_64-debian-gcc | 0.9.4.4 | 10.35 | 85.81 | 96.16 | OK | |
r-devel-linux-x86_64-fedora-clang | 0.9.4.4 | 218.20 | OK | |||
r-devel-linux-x86_64-fedora-gcc | 0.9.4.4 | 214.50 | OK | |||
r-devel-macos-arm64 | 0.9.4.4 | 69.00 | OK | |||
r-devel-macos-x86_64 | 0.9.4.4 | 220.00 | OK | |||
r-devel-windows-x86_64 | 0.9.4.4 | 16.00 | 128.00 | 144.00 | OK | |
r-patched-linux-x86_64 | 0.9.4.4 | 14.48 | 111.59 | 126.07 | NOTE | |
r-release-linux-x86_64 | 0.9.4.4 | 14.32 | 110.79 | 125.11 | NOTE | |
r-release-macos-arm64 | 0.9.4.4 | 62.00 | NOTE | |||
r-release-macos-x86_64 | 0.9.4.4 | 101.00 | NOTE | |||
r-release-windows-x86_64 | 0.9.4.4 | 15.00 | 132.00 | 147.00 | NOTE | |
r-oldrel-macos-arm64 | 0.9.4.4 | 73.00 | NOTE | |||
r-oldrel-macos-x86_64 | 0.9.4.4 | 122.00 | NOTE | |||
r-oldrel-windows-x86_64 | 0.9.4.4 | 20.00 | 150.00 | 170.00 | NOTE |
Version: 0.9.4.4
Check: package dependencies
Result: NOTE
Packages suggested but not available for checking:
'extraTrees', 'foba', 'nodeHarvest', 'obliqueRF', 'penalizedLDA',
'relaxo', 'rrlda'
Flavors: r-patched-linux-x86_64, r-release-linux-x86_64
Version: 0.9.4.4
Check: package dependencies
Result: NOTE
Packages suggested but not available for checking:
'extraTrees', 'foba', 'nodeHarvest', 'obliqueRF', 'relaxo', 'rrlda'
Flavors: r-release-macos-arm64, r-release-macos-x86_64, r-release-windows-x86_64, r-oldrel-macos-arm64, r-oldrel-macos-x86_64, r-oldrel-windows-x86_64